Last updated on 2022-08-15 08:49:55 CEST.
Flavor | Version | Tinstall | Tcheck | Ttotal | Status | Flags |
---|---|---|---|---|---|---|
r-devel-linux-x86_64-debian-clang | 1.0 | 315.59 | 140.99 | 456.58 | OK | |
r-devel-linux-x86_64-debian-gcc | 1.0 | 246.14 | 113.69 | 359.83 | OK | |
r-devel-linux-x86_64-fedora-clang | 1.0 | 666.84 | OK | |||
r-devel-linux-x86_64-fedora-gcc | 1.0 | 631.44 | OK | |||
r-devel-windows-x86_64 | 1.0 | 256.00 | 197.00 | 453.00 | NOTE | |
r-patched-linux-x86_64 | 1.0 | 280.20 | 139.59 | 419.79 | OK | |
r-release-linux-x86_64 | 1.0 | 267.21 | 138.48 | 405.69 | OK | |
r-release-macos-arm64 | 1.0 | 144.00 | NOTE | |||
r-release-macos-x86_64 | 1.0 | 201.00 | NOTE | |||
r-release-windows-x86_64 | 1.0 | 398.00 | 194.00 | 592.00 | NOTE | |
r-oldrel-macos-arm64 | 1.0 | 144.00 | NOTE | |||
r-oldrel-macos-x86_64 | 1.0 | 201.00 | NOTE | |||
r-oldrel-windows-ix86+x86_64 | 1.0 | 785.00 | 246.00 | 1031.00 | NOTE |
Version: 1.0
Check: installed package size
Result: NOTE
installed size is 5.4Mb
sub-directories of 1Mb or more:
data 3.1Mb
libs 1.8Mb
Flavors: r-devel-windows-x86_64, r-release-macos-arm64, r-release-macos-x86_64, r-release-windows-x86_64, r-oldrel-macos-arm64, r-oldrel-macos-x86_64, r-oldrel-windows-ix86+x86_64