Last updated on 2022-08-15 08:49:55 CEST.
Flavor | Version | Tinstall | Tcheck | Ttotal | Status | Flags |
---|---|---|---|---|---|---|
r-devel-linux-x86_64-debian-clang | 2020.1.6 | 40.87 | 63.13 | 104.00 | OK | |
r-devel-linux-x86_64-debian-gcc | 2020.1.6 | 40.33 | 49.09 | 89.42 | OK | |
r-devel-linux-x86_64-fedora-clang | 2020.1.6 | 139.59 | OK | |||
r-devel-linux-x86_64-fedora-gcc | 2020.1.6 | 151.56 | OK | |||
r-devel-windows-x86_64 | 2020.1.6 | 65.00 | 117.00 | 182.00 | OK | |
r-patched-linux-x86_64 | 2020.1.6 | 40.61 | 59.51 | 100.12 | OK | |
r-release-linux-x86_64 | 2020.1.6 | 40.82 | 59.03 | 99.85 | OK | |
r-release-macos-arm64 | 2020.1.6 | 41.00 | NOTE | |||
r-release-macos-x86_64 | 2020.1.6 | 51.00 | NOTE | |||
r-release-windows-x86_64 | 2020.1.6 | 58.00 | 112.00 | 170.00 | OK | |
r-oldrel-macos-arm64 | 2020.1.6 | 48.00 | NOTE | |||
r-oldrel-macos-x86_64 | 2020.1.6 | 72.00 | NOTE | |||
r-oldrel-windows-ix86+x86_64 | 2020.1.6 | 94.00 | 119.00 | 213.00 | OK |
Version: 2020.1.6
Check: installed package size
Result: NOTE
installed size is 5.3Mb
sub-directories of 1Mb or more:
libs 5.1Mb
Flavors: r-release-macos-arm64, r-release-macos-x86_64, r-oldrel-macos-arm64, r-oldrel-macos-x86_64