Last updated on 2022-08-15 08:49:55 CEST.
Flavor | Version | Tinstall | Tcheck | Ttotal | Status | Flags |
---|---|---|---|---|---|---|
r-devel-linux-x86_64-debian-clang | 1.1.0 | 6.58 | 70.19 | 76.77 | NOTE | |
r-devel-linux-x86_64-debian-gcc | 1.1.0 | 5.47 | 50.66 | 56.13 | NOTE | |
r-devel-linux-x86_64-fedora-clang | 1.1.0 | 101.31 | NOTE | |||
r-devel-linux-x86_64-fedora-gcc | 1.1.0 | 100.57 | NOTE | |||
r-devel-windows-x86_64 | 1.1.0 | 25.00 | 90.00 | 115.00 | NOTE | |
r-patched-linux-x86_64 | 1.1.0 | 6.99 | 64.60 | 71.59 | OK | |
r-release-linux-x86_64 | 1.1.0 | 5.53 | 64.91 | 70.44 | OK | |
r-release-macos-arm64 | 1.1.0 | 26.00 | OK | |||
r-release-macos-x86_64 | 1.1.0 | 48.00 | OK | |||
r-release-windows-x86_64 | 1.1.0 | 22.00 | 88.00 | 110.00 | OK | |
r-oldrel-macos-arm64 | 1.1.0 | 30.00 | OK | |||
r-oldrel-macos-x86_64 | 1.1.0 | 45.00 | OK | |||
r-oldrel-windows-ix86+x86_64 | 1.1.0 | 14.00 | 86.00 | 100.00 | OK |
Version: 1.1.0
Check: package subdirectories
Result: NOTE
Problems with news in 'NEWS.md':
No news entries found.
Flavors: r-devel-linux-x86_64-debian-clang, r-devel-linux-x86_64-debian-gcc, r-devel-linux-x86_64-fedora-clang, r-devel-linux-x86_64-fedora-gcc, r-devel-windows-x86_64