Last updated on 2022-08-15 08:49:55 CEST.
Flavor | Version | Tinstall | Tcheck | Ttotal | Status | Flags |
---|---|---|---|---|---|---|
r-devel-linux-x86_64-debian-clang | 0.1.0 | 3.05 | 60.54 | 63.59 | OK | |
r-devel-linux-x86_64-debian-gcc | 0.1.0 | 2.51 | 48.02 | 50.53 | OK | |
r-devel-linux-x86_64-fedora-clang | 0.1.0 | 84.55 | NOTE | |||
r-devel-linux-x86_64-fedora-gcc | 0.1.0 | 92.99 | NOTE | |||
r-devel-windows-x86_64 | 0.1.0 | 8.00 | 91.00 | 99.00 | OK | |
r-patched-linux-x86_64 | 0.1.0 | 3.12 | 62.71 | 65.83 | OK | |
r-release-linux-x86_64 | 0.1.0 | 2.82 | 64.21 | 67.03 | OK | |
r-release-macos-arm64 | 0.1.0 | 31.00 | NOTE | |||
r-release-macos-x86_64 | 0.1.0 | 37.00 | NOTE | |||
r-release-windows-x86_64 | 0.1.0 | 12.00 | 90.00 | 102.00 | OK | |
r-oldrel-macos-arm64 | 0.1.0 | 29.00 | NOTE | |||
r-oldrel-macos-x86_64 | 0.1.0 | 35.00 | NOTE | |||
r-oldrel-windows-ix86+x86_64 | 0.1.0 | 10.00 | 95.00 | 105.00 | OK |
Version: 0.1.0
Check: dependencies in R code
Result: NOTE
Namespace in Imports field not imported from: ‘qcr’
All declared Imports should be used.
Flavors: r-devel-linux-x86_64-fedora-clang, r-devel-linux-x86_64-fedora-gcc, r-release-macos-arm64, r-release-macos-x86_64, r-oldrel-macos-arm64, r-oldrel-macos-x86_64