Last updated on 2022-08-15 08:49:55 CEST.
Flavor | Version | Tinstall | Tcheck | Ttotal | Status | Flags |
---|---|---|---|---|---|---|
r-devel-linux-x86_64-debian-clang | 0.5.4 | 14.69 | 40.42 | 55.11 | NOTE | |
r-devel-linux-x86_64-debian-gcc | 0.5.4 | 12.19 | 31.32 | 43.51 | NOTE | |
r-devel-linux-x86_64-fedora-clang | 0.5.4 | 79.50 | NOTE | |||
r-devel-linux-x86_64-fedora-gcc | 0.5.4 | 78.92 | NOTE | |||
r-devel-windows-x86_64 | 0.5.4 | 111.00 | 74.00 | 185.00 | NOTE | |
r-patched-linux-x86_64 | 0.5.4 | 12.31 | 38.47 | 50.78 | NOTE | |
r-release-linux-x86_64 | 0.5.4 | 10.95 | 38.51 | 49.46 | NOTE | |
r-release-macos-arm64 | 0.5.4 | 27.00 | NOTE | |||
r-release-macos-x86_64 | 0.5.4 | 41.00 | NOTE | |||
r-release-windows-x86_64 | 0.5.4 | 130.00 | 72.00 | 202.00 | NOTE | |
r-oldrel-macos-arm64 | 0.5.4 | 54.00 | NOTE | |||
r-oldrel-macos-x86_64 | 0.5.4 | 58.00 | NOTE | |||
r-oldrel-windows-ix86+x86_64 | 0.5.4 | 69.00 | 80.00 | 149.00 | NOTE |
Version: 0.5.4
Check: for GNU extensions in Makefiles
Result: NOTE
GNU make is a SystemRequirements.
Flavors: r-devel-linux-x86_64-debian-clang, r-devel-linux-x86_64-debian-gcc, r-devel-linux-x86_64-fedora-clang, r-devel-linux-x86_64-fedora-gcc, r-devel-windows-x86_64, r-patched-linux-x86_64, r-release-linux-x86_64, r-release-macos-arm64, r-release-macos-x86_64, r-release-windows-x86_64, r-oldrel-macos-arm64, r-oldrel-macos-x86_64, r-oldrel-windows-ix86+x86_64