Last updated on 2022-08-15 08:49:55 CEST.
Flavor | Version | Tinstall | Tcheck | Ttotal | Status | Flags |
---|---|---|---|---|---|---|
r-devel-linux-x86_64-debian-clang | 0.1.1 | 6.06 | 49.90 | 55.96 | OK | |
r-devel-linux-x86_64-debian-gcc | 0.1.1 | 4.37 | 38.41 | 42.78 | OK | |
r-devel-linux-x86_64-fedora-clang | 0.1.1 | 77.31 | NOTE | |||
r-devel-linux-x86_64-fedora-gcc | 0.1.1 | 82.13 | NOTE | |||
r-devel-windows-x86_64 | 0.1.1 | 17.00 | 73.00 | 90.00 | OK | |
r-patched-linux-x86_64 | 0.1.1 | 5.99 | 48.46 | 54.45 | OK | |
r-release-linux-x86_64 | 0.1.1 | 5.12 | 47.28 | 52.40 | OK | |
r-release-macos-arm64 | 0.1.1 | 20.00 | NOTE | |||
r-release-macos-x86_64 | 0.1.1 | 45.00 | NOTE | |||
r-release-windows-x86_64 | 0.1.1 | 16.00 | 75.00 | 91.00 | OK | |
r-oldrel-macos-arm64 | 0.1.1 | 23.00 | NOTE | |||
r-oldrel-macos-x86_64 | 0.1.1 | 32.00 | NOTE | |||
r-oldrel-windows-ix86+x86_64 | 0.1.1 | 22.00 | 72.00 | 94.00 | OK |
Version: 0.1.1
Check: dependencies in R code
Result: NOTE
Namespace in Imports field not imported from: ‘dplyr’
All declared Imports should be used.
Flavors: r-devel-linux-x86_64-fedora-clang, r-devel-linux-x86_64-fedora-gcc, r-release-macos-arm64, r-release-macos-x86_64, r-oldrel-macos-arm64, r-oldrel-macos-x86_64
Version: 0.1.1
Check: Rd cross-references
Result: NOTE
Undeclared package ‘DBI’ in Rd xrefs
Flavor: r-devel-linux-x86_64-fedora-clang