Last updated on 2022-08-15 08:49:55 CEST.
Flavor | Version | Tinstall | Tcheck | Ttotal | Status | Flags |
---|---|---|---|---|---|---|
r-devel-linux-x86_64-debian-clang | 0.2.5 | 37.26 | 31.93 | 69.19 | NOTE | |
r-devel-linux-x86_64-debian-gcc | 0.2.5 | 31.68 | 25.12 | 56.80 | NOTE | |
r-devel-linux-x86_64-fedora-clang | 0.2.5 | 105.76 | NOTE | |||
r-devel-linux-x86_64-fedora-gcc | 0.2.5 | 108.96 | NOTE | |||
r-devel-windows-x86_64 | 0.2.5 | 36.00 | 78.00 | 114.00 | NOTE | |
r-patched-linux-x86_64 | 0.2.5 | 31.56 | 32.08 | 63.64 | NOTE | |
r-release-linux-x86_64 | 0.2.5 | 32.97 | 31.37 | 64.34 | NOTE | |
r-release-macos-arm64 | 0.2.5 | 31.00 | NOTE | |||
r-release-macos-x86_64 | 0.2.5 | 41.00 | NOTE | |||
r-release-windows-x86_64 | 0.2.5 | 38.00 | 82.00 | 120.00 | NOTE | |
r-oldrel-macos-arm64 | 0.2.5 | 33.00 | NOTE | |||
r-oldrel-macos-x86_64 | 0.2.5 | 56.00 | NOTE | |||
r-oldrel-windows-ix86+x86_64 | 0.2.5 | 93.00 | 77.00 | 170.00 | NOTE |
Version: 0.2.5
Check: LazyData
Result: NOTE
'LazyData' is specified without a 'data' directory
Flavors: r-devel-linux-x86_64-debian-clang, r-devel-linux-x86_64-debian-gcc, r-devel-linux-x86_64-fedora-clang, r-devel-linux-x86_64-fedora-gcc, r-devel-windows-x86_64, r-patched-linux-x86_64, r-release-linux-x86_64, r-release-macos-arm64, r-release-macos-x86_64, r-release-windows-x86_64, r-oldrel-macos-arm64, r-oldrel-macos-x86_64, r-oldrel-windows-ix86+x86_64