Last updated on 2022-08-15 08:49:55 CEST.
Flavor | Version | Tinstall | Tcheck | Ttotal | Status | Flags |
---|---|---|---|---|---|---|
r-devel-linux-x86_64-debian-clang | 1.0 | 1.92 | 31.91 | 33.83 | NOTE | |
r-devel-linux-x86_64-debian-gcc | 1.0 | 2.17 | 25.03 | 27.20 | NOTE | |
r-devel-linux-x86_64-fedora-clang | 1.0 | 52.39 | NOTE | |||
r-devel-linux-x86_64-fedora-gcc | 1.0 | 55.02 | NOTE | |||
r-devel-windows-x86_64 | 1.0 | 9.00 | 62.00 | 71.00 | OK | |
r-patched-linux-x86_64 | 1.0 | 3.86 | 30.82 | 34.68 | NOTE | |
r-release-linux-x86_64 | 1.0 | 2.88 | 30.66 | 33.54 | NOTE | |
r-release-macos-arm64 | 1.0 | 19.00 | OK | |||
r-release-macos-x86_64 | 1.0 | 25.00 | OK | |||
r-release-windows-x86_64 | 1.0 | 13.00 | 64.00 | 77.00 | OK | |
r-oldrel-macos-arm64 | 1.0 | 26.00 | OK | |||
r-oldrel-macos-x86_64 | 1.0 | 35.00 | OK | |||
r-oldrel-windows-ix86+x86_64 | 1.0 | 8.00 | 55.00 | 63.00 | OK |
Version: 1.0
Check: for non-standard things in the check directory
Result: NOTE
Found the following files/directories:
'tmplp.dat'
Flavors: r-devel-linux-x86_64-debian-clang, r-devel-linux-x86_64-debian-gcc, r-devel-linux-x86_64-fedora-clang, r-devel-linux-x86_64-fedora-gcc, r-patched-linux-x86_64, r-release-linux-x86_64