Last updated on 2022-08-15 08:49:55 CEST.
Flavor | Version | Tinstall | Tcheck | Ttotal | Status | Flags |
---|---|---|---|---|---|---|
r-devel-linux-x86_64-debian-clang | 0.2.0 | 19.19 | 143.42 | 162.61 | OK | |
r-devel-linux-x86_64-debian-gcc | 0.2.0 | 13.85 | 107.35 | 121.20 | OK | |
r-devel-linux-x86_64-fedora-clang | 0.2.0 | 205.02 | OK | |||
r-devel-linux-x86_64-fedora-gcc | 0.2.0 | 214.92 | OK | |||
r-devel-windows-x86_64 | 0.2.0 | 21.00 | 157.00 | 178.00 | OK | |
r-patched-linux-x86_64 | 0.2.0 | 12.69 | 135.24 | 147.93 | OK | |
r-release-linux-x86_64 | 0.2.0 | 15.06 | 136.68 | 151.74 | OK | |
r-release-macos-arm64 | 0.2.0 | 5.00 | ERROR | |||
r-release-macos-x86_64 | 0.2.0 | 6.00 | ERROR | |||
r-release-windows-x86_64 | 0.2.0 | 21.00 | 160.00 | 181.00 | OK | |
r-oldrel-macos-arm64 | 0.2.0 | 9.00 | ERROR | |||
r-oldrel-macos-x86_64 | 0.2.0 | 11.00 | ERROR | |||
r-oldrel-windows-ix86+x86_64 | 0.2.0 | 43.00 | 157.00 | 200.00 | OK |
Version: 0.2.0
Check: package dependencies
Result: ERROR
Package required but not available: ‘opGMMassessment’
See section ‘The DESCRIPTION file’ in the ‘Writing R Extensions’
manual.
Flavors: r-release-macos-arm64, r-release-macos-x86_64, r-oldrel-macos-arm64, r-oldrel-macos-x86_64