Last updated on 2022-08-15 08:49:55 CEST.
Flavor | Version | Tinstall | Tcheck | Ttotal | Status | Flags |
---|---|---|---|---|---|---|
r-devel-linux-x86_64-debian-clang | 2.0.4 | 6.01 | 53.54 | 59.55 | OK | |
r-devel-linux-x86_64-debian-gcc | 2.0.4 | 4.84 | 40.49 | 45.33 | OK | |
r-devel-linux-x86_64-fedora-clang | 2.0.4 | 79.18 | OK | |||
r-devel-linux-x86_64-fedora-gcc | 2.0.4 | 84.03 | OK | |||
r-devel-windows-x86_64 | 2.0.4 | 24.00 | 87.00 | 111.00 | OK | |
r-patched-linux-x86_64 | 2.0.4 | 12.21 | 50.44 | 62.65 | OK | |
r-release-linux-x86_64 | 2.0.4 | 3.80 | 50.55 | 54.35 | OK | |
r-release-macos-arm64 | 2.0.4 | 27.00 | ERROR | |||
r-release-macos-x86_64 | 2.0.4 | 41.00 | OK | |||
r-release-windows-x86_64 | 2.0.4 | 27.00 | 85.00 | 112.00 | OK | |
r-oldrel-macos-arm64 | 2.0.4 | 31.00 | ERROR | |||
r-oldrel-macos-x86_64 | 2.0.4 | 48.00 | OK | |||
r-oldrel-windows-ix86+x86_64 | 2.0.4 | 14.00 | 74.00 | 88.00 | OK |
Version: 2.0.4
Check: tests
Result: ERROR
Running ‘testthat.R’ [1s/1s]
Running the tests in ‘tests/testthat.R’ failed.
Last 13 lines of output:
> library(EGRETci)
> test_check("EGRETci")
[ FAIL 1 | WARN 0 | SKIP 10 | PASS 16 ]
══ Skipped tests ═══════════════════════════════════════════════════════════════
• On CRAN (10)
══ Failed tests ════════════════════════════════════════════════════════════════
── Failure (tests_boot_tests.R:112:3): paVector ────────────────────────────────
`paIndexWinter` not equal to 11:13.
Lengths differ: 4 is not 3
[ FAIL 1 | WARN 0 | SKIP 10 | PASS 16 ]
Error: Test failures
Execution halted
Flavors: r-release-macos-arm64, r-oldrel-macos-arm64