Last updated on 2022-08-15 08:49:55 CEST.
Flavor | Version | Tinstall | Tcheck | Ttotal | Status | Flags |
---|---|---|---|---|---|---|
r-devel-linux-x86_64-debian-clang | 1.1.4 | 6.80 | 111.55 | 118.35 | OK | |
r-devel-linux-x86_64-debian-gcc | 1.1.4 | 6.93 | 83.33 | 90.26 | OK | |
r-devel-linux-x86_64-fedora-clang | 1.1.4 | 149.44 | NOTE | |||
r-devel-linux-x86_64-fedora-gcc | 1.1.4 | 153.31 | OK | |||
r-devel-windows-x86_64 | 1.1.4 | 106.00 | 154.00 | 260.00 | NOTE | |
r-patched-linux-x86_64 | 1.1.4 | 6.06 | 107.30 | 113.36 | OK | |
r-release-linux-x86_64 | 1.1.4 | 9.30 | 107.08 | 116.38 | OK | |
r-release-macos-arm64 | 1.1.4 | 61.00 | NOTE | |||
r-release-macos-x86_64 | 1.1.4 | 83.00 | NOTE | |||
r-release-windows-x86_64 | 1.1.4 | 133.00 | 167.00 | 300.00 | NOTE | |
r-oldrel-macos-arm64 | 1.1.4 | 259.00 | NOTE | |||
r-oldrel-macos-x86_64 | 1.1.4 | 87.00 | NOTE | |||
r-oldrel-windows-ix86+x86_64 | 1.1.4 | 26.00 | 250.00 | 276.00 | NOTE |
Version: 1.1.4
Check: installed package size
Result: NOTE
installed size is 11.5Mb
sub-directories of 1Mb or more:
doc 6.1Mb
extdata 5.1Mb
Flavors: r-devel-linux-x86_64-fedora-clang, r-devel-windows-x86_64, r-release-macos-arm64, r-release-macos-x86_64, r-release-windows-x86_64, r-oldrel-macos-arm64, r-oldrel-macos-x86_64, r-oldrel-windows-ix86+x86_64
Version: 1.1.4
Check: package dependencies
Result: NOTE
Package suggested but not available for checking: ‘BiocStyle’
Flavor: r-oldrel-macos-arm64