Last updated on 2022-08-15 08:49:55 CEST.
Flavor | Version | Tinstall | Tcheck | Ttotal | Status | Flags |
---|---|---|---|---|---|---|
r-devel-linux-x86_64-debian-clang | 0.2-13 | 28.21 | 88.04 | 116.25 | NOTE | |
r-devel-linux-x86_64-debian-gcc | 0.2-13 | 20.88 | 67.61 | 88.49 | NOTE | |
r-devel-linux-x86_64-fedora-clang | 0.2-13 | 159.10 | NOTE | |||
r-devel-linux-x86_64-fedora-gcc | 0.2-13 | 158.84 | NOTE | |||
r-devel-windows-x86_64 | 0.2-13 | 99.00 | 139.00 | 238.00 | NOTE | |
r-patched-linux-x86_64 | 0.2-13 | 22.27 | 85.36 | 107.63 | NOTE | |
r-release-linux-x86_64 | 0.2-13 | 25.03 | 84.55 | 109.58 | NOTE | |
r-release-macos-arm64 | 0.2-13 | 48.00 | NOTE | |||
r-release-macos-x86_64 | 0.2-13 | 65.00 | NOTE | |||
r-release-windows-x86_64 | 0.2-13 | 94.00 | 136.00 | 230.00 | NOTE | |
r-oldrel-macos-arm64 | 0.2-13 | 62.00 | OK | |||
r-oldrel-macos-x86_64 | 0.2-13 | 89.00 | OK | |||
r-oldrel-windows-ix86+x86_64 | 0.2-13 | 97.00 | 150.00 | 247.00 | OK |
Version: 0.2-13
Check: package dependencies
Result: NOTE
Package which this enhances but not available for checking: 'PPtree'
Flavors: r-devel-linux-x86_64-debian-clang, r-devel-linux-x86_64-debian-gcc, r-devel-linux-x86_64-fedora-clang, r-devel-linux-x86_64-fedora-gcc, r-devel-windows-x86_64, r-patched-linux-x86_64, r-release-linux-x86_64, r-release-macos-arm64, r-release-macos-x86_64, r-release-windows-x86_64
Version: 0.2-13
Check: HTML version of manual
Result: NOTE
Found the following math rendering problems:
a0_project.on.2d.Rd:39: Undefined control sequence: \time in p \time 2
Flavors: r-devel-linux-x86_64-debian-clang, r-devel-linux-x86_64-debian-gcc, r-devel-linux-x86_64-fedora-clang, r-devel-linux-x86_64-fedora-gcc