Last updated on 2022-08-15 08:49:55 CEST.
Flavor | Version | Tinstall | Tcheck | Ttotal | Status | Flags |
---|---|---|---|---|---|---|
r-devel-linux-x86_64-debian-clang | 0.1.3 | 63.36 | 91.20 | 154.56 | OK | |
r-devel-linux-x86_64-debian-gcc | 0.1.3 | 48.39 | 65.23 | 113.62 | OK | |
r-devel-linux-x86_64-fedora-clang | 0.1.3 | 208.16 | OK | |||
r-devel-linux-x86_64-fedora-gcc | 0.1.3 | 206.38 | OK | |||
r-devel-windows-x86_64 | 0.1.3 | 57.00 | 134.00 | 191.00 | OK | |
r-patched-linux-x86_64 | 0.1.3 | 51.15 | 85.83 | 136.98 | OK | |
r-release-linux-x86_64 | 0.1.3 | 50.91 | 87.03 | 137.94 | OK | |
r-release-macos-arm64 | 0.1.3 | 54.00 | NOTE | |||
r-release-macos-x86_64 | 0.1.3 | 87.00 | NOTE | |||
r-release-windows-x86_64 | 0.1.3 | 61.00 | 133.00 | 194.00 | OK | |
r-oldrel-macos-arm64 | 0.1.3 | 61.00 | NOTE | |||
r-oldrel-macos-x86_64 | 0.1.3 | 74.00 | NOTE | |||
r-oldrel-windows-ix86+x86_64 | 0.1.3 | 149.00 | 168.00 | 317.00 | NOTE |
Version: 0.1.3
Check: installed package size
Result: NOTE
installed size is 6.8Mb
sub-directories of 1Mb or more:
data 2.0Mb
libs 4.0Mb
Flavors: r-release-macos-arm64, r-release-macos-x86_64, r-oldrel-macos-arm64, r-oldrel-macos-x86_64, r-oldrel-windows-ix86+x86_64