Last updated on 2022-08-15 08:49:55 CEST.
Flavor | Version | Tinstall | Tcheck | Ttotal | Status | Flags |
---|---|---|---|---|---|---|
r-devel-linux-x86_64-debian-clang | 1.5 | 3.73 | 31.59 | 35.32 | OK | |
r-devel-linux-x86_64-debian-gcc | 1.5 | 2.19 | 24.08 | 26.27 | OK | |
r-devel-linux-x86_64-fedora-clang | 1.5 | 51.01 | OK | |||
r-devel-linux-x86_64-fedora-gcc | 1.5 | 53.32 | OK | |||
r-devel-windows-x86_64 | 1.5 | 17.00 | 58.00 | 75.00 | OK | |
r-patched-linux-x86_64 | 1.5 | 3.51 | 30.58 | 34.09 | OK | |
r-release-linux-x86_64 | 1.5 | 2.90 | 29.79 | 32.69 | OK | |
r-release-macos-arm64 | 1.5 | 17.00 | OK | |||
r-release-macos-x86_64 | 1.5 | 24.00 | OK | |||
r-release-windows-x86_64 | 1.5 | 16.00 | 58.00 | 74.00 | OK | |
r-oldrel-macos-arm64 | 1.5 | 26.00 | NOTE | |||
r-oldrel-macos-x86_64 | 1.5 | 30.00 | OK | |||
r-oldrel-windows-ix86+x86_64 | 1.5 | 7.00 | 50.00 | 57.00 | OK |
Version: 1.5
Check: package dependencies
Result: NOTE
Package suggested but not available for checking: ‘RODBC’
Flavor: r-oldrel-macos-arm64
Version: 1.5
Check: Rd cross-references
Result: NOTE
Package unavailable to check Rd xrefs: ‘RODBC’
Flavor: r-oldrel-macos-arm64