Last updated on 2022-08-15 08:49:55 CEST.
Flavor | Version | Tinstall | Tcheck | Ttotal | Status | Flags |
---|---|---|---|---|---|---|
r-devel-linux-x86_64-debian-clang | 4.1.3 | 14.21 | 142.81 | 157.02 | OK | |
r-devel-linux-x86_64-debian-gcc | 4.1.3 | 11.85 | 103.35 | 115.20 | OK | |
r-devel-linux-x86_64-fedora-clang | 4.1.3 | 189.36 | NOTE | |||
r-devel-linux-x86_64-fedora-gcc | 4.1.3 | 195.88 | NOTE | |||
r-devel-windows-x86_64 | 4.1.3 | 31.00 | 179.00 | 210.00 | OK | |
r-patched-linux-x86_64 | 4.1.3 | 9.45 | 129.05 | 138.50 | OK | |
r-release-linux-x86_64 | 4.1.3 | 8.98 | 131.59 | 140.57 | OK | |
r-release-macos-arm64 | 4.1.3 | 56.00 | NOTE | |||
r-release-macos-x86_64 | 4.1.3 | 87.00 | NOTE | |||
r-release-windows-x86_64 | 4.1.3 | 36.00 | 172.00 | 208.00 | OK | |
r-oldrel-macos-arm64 | 4.1.3 | 62.00 | NOTE | |||
r-oldrel-macos-x86_64 | 4.1.3 | 88.00 | NOTE | |||
r-oldrel-windows-ix86+x86_64 | 4.1.3 | 32.00 | 184.00 | 216.00 | OK |
Version: 4.1.3
Check: dependencies in R code
Result: NOTE
Namespace in Imports field not imported from: ‘metadat’
All declared Imports should be used.
Flavors: r-devel-linux-x86_64-fedora-clang, r-devel-linux-x86_64-fedora-gcc, r-release-macos-arm64, r-release-macos-x86_64, r-oldrel-macos-arm64, r-oldrel-macos-x86_64