Last updated on 2022-08-15 08:49:55 CEST.
Flavor | Version | Tinstall | Tcheck | Ttotal | Status | Flags |
---|---|---|---|---|---|---|
r-devel-linux-x86_64-debian-clang | 0.2.3 | 5.75 | 112.51 | 118.26 | NOTE | |
r-devel-linux-x86_64-debian-gcc | 0.2.3 | 3.70 | 82.49 | 86.19 | NOTE | |
r-devel-linux-x86_64-fedora-clang | 0.2.3 | 147.64 | NOTE | |||
r-devel-linux-x86_64-fedora-gcc | 0.2.3 | 154.37 | NOTE | |||
r-devel-windows-x86_64 | 0.2.3 | 46.00 | 147.00 | 193.00 | NOTE | |
r-patched-linux-x86_64 | 0.2.3 | 3.78 | 108.63 | 112.41 | NOTE | |
r-release-linux-x86_64 | 0.2.3 | 3.39 | 109.73 | 113.12 | NOTE | |
r-release-macos-arm64 | 0.2.3 | 38.00 | NOTE | |||
r-release-macos-x86_64 | 0.2.3 | 59.00 | NOTE | |||
r-release-windows-x86_64 | 0.2.3 | 40.00 | 143.00 | 183.00 | NOTE | |
r-oldrel-macos-arm64 | 0.2.3 | 45.00 | NOTE | |||
r-oldrel-macos-x86_64 | 0.2.3 | 80.00 | NOTE | |||
r-oldrel-windows-ix86+x86_64 | 0.2.3 | 12.00 | 151.00 | 163.00 | NOTE |
Version: 0.2.3
Check: LazyData
Result: NOTE
'LazyData' is specified without a 'data' directory
Flavors: r-devel-linux-x86_64-debian-clang, r-devel-linux-x86_64-debian-gcc, r-devel-linux-x86_64-fedora-clang, r-devel-linux-x86_64-fedora-gcc, r-devel-windows-x86_64, r-patched-linux-x86_64, r-release-linux-x86_64, r-release-macos-arm64, r-release-macos-x86_64, r-release-windows-x86_64, r-oldrel-macos-arm64, r-oldrel-macos-x86_64, r-oldrel-windows-ix86+x86_64
Version: 0.2.3
Check: dependencies in R code
Result: NOTE
Namespaces in Imports field not imported from:
‘Rmisc’ ‘rlang’
All declared Imports should be used.
Flavors: r-devel-linux-x86_64-fedora-clang, r-devel-linux-x86_64-fedora-gcc, r-release-macos-arm64, r-release-macos-x86_64, r-oldrel-macos-arm64, r-oldrel-macos-x86_64