Last updated on 2022-08-15 08:49:55 CEST.
Flavor | Version | Tinstall | Tcheck | Ttotal | Status | Flags |
---|---|---|---|---|---|---|
r-devel-linux-x86_64-debian-clang | 0.1-3 | 3.88 | 42.45 | 46.33 | OK | |
r-devel-linux-x86_64-debian-gcc | 0.1-3 | 2.99 | 33.06 | 36.05 | OK | |
r-devel-linux-x86_64-fedora-clang | 0.1-3 | 66.40 | NOTE | |||
r-devel-linux-x86_64-fedora-gcc | 0.1-3 | 68.20 | OK | |||
r-devel-windows-x86_64 | 0.1-3 | 25.00 | 67.00 | 92.00 | OK | |
r-patched-linux-x86_64 | 0.1-3 | 3.47 | 40.43 | 43.90 | OK | |
r-release-linux-x86_64 | 0.1-3 | 4.40 | 40.14 | 44.54 | OK | |
r-release-macos-arm64 | 0.1-3 | 22.00 | OK | |||
r-release-macos-x86_64 | 0.1-3 | 29.00 | OK | |||
r-release-windows-x86_64 | 0.1-3 | 17.00 | 69.00 | 86.00 | OK | |
r-oldrel-macos-arm64 | 0.1-3 | 28.00 | OK | |||
r-oldrel-macos-x86_64 | 0.1-3 | 41.00 | OK | |||
r-oldrel-windows-ix86+x86_64 | 0.1-3 | 10.00 | 64.00 | 74.00 | OK |
Version: 0.1-3
Check: Rd cross-references
Result: NOTE
Undeclared package ‘carData’ in Rd xrefs
Flavor: r-devel-linux-x86_64-fedora-clang