Last updated on 2022-08-15 08:49:55 CEST.
Flavor | Version | Tinstall | Tcheck | Ttotal | Status | Flags |
---|---|---|---|---|---|---|
r-devel-linux-x86_64-debian-clang | 2.1.2 | 35.79 | 67.58 | 103.37 | OK | |
r-devel-linux-x86_64-debian-gcc | 2.1.2 | 21.39 | 49.67 | 71.06 | OK | |
r-devel-linux-x86_64-fedora-clang | 2.1.2 | 140.10 | NOTE | |||
r-devel-linux-x86_64-fedora-gcc | 2.1.2 | 130.58 | NOTE | |||
r-devel-windows-x86_64 | 2.1.2 | 29.00 | 152.00 | 181.00 | OK | |
r-patched-linux-x86_64 | 2.1.2 | 25.68 | 66.44 | 92.12 | OK | |
r-release-linux-x86_64 | 2.1.2 | 22.65 | 65.80 | 88.45 | OK | |
r-release-macos-arm64 | 2.1.2 | 47.00 | NOTE | |||
r-release-macos-x86_64 | 2.1.2 | 64.00 | NOTE | |||
r-release-windows-x86_64 | 2.1.2 | 42.00 | 149.00 | 191.00 | OK | |
r-oldrel-macos-arm64 | 2.1.2 | 48.00 | NOTE | |||
r-oldrel-macos-x86_64 | 2.1.2 | 66.00 | NOTE | |||
r-oldrel-windows-ix86+x86_64 | 2.1.2 | 53.00 | 122.00 | 175.00 | OK |
Version: 2.1.2
Check: dependencies in R code
Result: NOTE
Namespaces in Imports field not imported from:
‘Matrix’ ‘Rtsne’ ‘uwot’
All declared Imports should be used.
Flavors: r-devel-linux-x86_64-fedora-clang, r-devel-linux-x86_64-fedora-gcc, r-release-macos-arm64, r-release-macos-x86_64, r-oldrel-macos-arm64, r-oldrel-macos-x86_64