Last updated on 2022-08-15 08:49:55 CEST.
Flavor | Version | Tinstall | Tcheck | Ttotal | Status | Flags |
---|---|---|---|---|---|---|
r-devel-linux-x86_64-debian-clang | 1.0.4 | 11.68 | 114.93 | 126.61 | OK | |
r-devel-linux-x86_64-debian-gcc | 1.0.4 | 10.39 | 86.85 | 97.24 | OK | |
r-devel-linux-x86_64-fedora-clang | 1.0.4 | 156.01 | OK | |||
r-devel-linux-x86_64-fedora-gcc | 1.0.4 | 166.93 | OK | |||
r-devel-windows-x86_64 | 1.0.4 | 42.00 | 133.00 | 175.00 | OK | |
r-patched-linux-x86_64 | 1.0.4 | 10.43 | 107.59 | 118.02 | OK | |
r-release-linux-x86_64 | 1.0.4 | 9.33 | 106.56 | 115.89 | OK | |
r-release-macos-arm64 | 1.0.4 | 41.00 | NOTE | |||
r-release-macos-x86_64 | 1.0.4 | 60.00 | NOTE | |||
r-release-windows-x86_64 | 1.0.4 | 36.00 | 131.00 | 167.00 | OK | |
r-oldrel-macos-arm64 | 1.0.4 | 48.00 | NOTE | |||
r-oldrel-macos-x86_64 | 1.0.4 | 85.00 | NOTE | |||
r-oldrel-windows-ix86+x86_64 | 1.0.4 | 27.00 | 175.00 | 202.00 | OK |
Version: 1.0.4
Check: package dependencies
Result: NOTE
Package suggested but not available for checking: ‘Rmpi’
Flavors: r-release-macos-arm64, r-release-macos-x86_64, r-oldrel-macos-arm64, r-oldrel-macos-x86_64