Last updated on 2022-08-15 08:49:55 CEST.
Flavor | Version | Tinstall | Tcheck | Ttotal | Status | Flags |
---|---|---|---|---|---|---|
r-devel-linux-x86_64-debian-clang | 2.3.0 | 46.54 | 634.82 | 681.36 | OK | |
r-devel-linux-x86_64-debian-gcc | 2.3.0 | 33.60 | 464.70 | 498.30 | OK | |
r-devel-linux-x86_64-fedora-clang | 2.3.0 | 781.10 | OK | |||
r-devel-linux-x86_64-fedora-gcc | 2.3.0 | 825.77 | OK | |||
r-devel-windows-x86_64 | 2.3.0 | 146.00 | 677.00 | 823.00 | NOTE | |
r-patched-linux-x86_64 | 2.3.0 | 38.10 | 578.00 | 616.10 | OK | |
r-release-linux-x86_64 | 2.3.0 | 35.67 | 597.32 | 632.99 | OK | |
r-release-macos-arm64 | 2.3.0 | 229.00 | OK | |||
r-release-macos-x86_64 | 2.3.0 | 285.00 | OK | |||
r-release-windows-x86_64 | 2.3.0 | 177.00 | 701.00 | 878.00 | NOTE | |
r-oldrel-macos-arm64 | 2.3.0 | 224.00 | OK | |||
r-oldrel-macos-x86_64 | 2.3.0 | 284.00 | OK | |||
r-oldrel-windows-ix86+x86_64 | 2.3.0 | 92.00 | 1212.00 | 1304.00 | NOTE |
Version: 2.3.0
Check: installed package size
Result: NOTE
installed size is 5.0Mb
sub-directories of 1Mb or more:
doc 2.8Mb
libs 1.0Mb
Flavors: r-devel-windows-x86_64, r-release-windows-x86_64, r-oldrel-windows-ix86+x86_64