Last updated on 2022-08-15 08:49:55 CEST.
Flavor | Version | Tinstall | Tcheck | Ttotal | Status | Flags |
---|---|---|---|---|---|---|
r-devel-linux-x86_64-debian-clang | 1.5 | 12.90 | 113.97 | 126.87 | NOTE | |
r-devel-linux-x86_64-debian-gcc | 1.5 | 10.05 | 86.23 | 96.28 | NOTE | |
r-devel-linux-x86_64-fedora-clang | 1.5 | 167.90 | NOTE | |||
r-devel-linux-x86_64-fedora-gcc | 1.5 | 169.97 | NOTE | |||
r-devel-windows-x86_64 | 1.5 | 16.00 | 130.00 | 146.00 | OK | |
r-patched-linux-x86_64 | 1.5 | 11.92 | 110.41 | 122.33 | OK | |
r-release-linux-x86_64 | 1.5 | 8.78 | 106.07 | 114.85 | OK | |
r-release-macos-arm64 | 1.5 | 44.00 | OK | |||
r-release-macos-x86_64 | 1.5 | 63.00 | OK | |||
r-release-windows-x86_64 | 1.5 | 19.00 | 134.00 | 153.00 | OK | |
r-oldrel-macos-arm64 | 1.5 | 40.00 | OK | |||
r-oldrel-macos-x86_64 | 1.5 | 58.00 | OK | |||
r-oldrel-windows-ix86+x86_64 | 1.5 | 40.00 | 128.00 | 168.00 | OK |
Version: 1.5
Check: HTML version of manual
Result: NOTE
Found the following math rendering problems:
EstCRMitem.Rd:54-56: Undefined control sequence: \emph in
\emph{f}(z_{ij}|\the...
Flavors: r-devel-linux-x86_64-debian-clang, r-devel-linux-x86_64-debian-gcc, r-devel-linux-x86_64-fedora-clang, r-devel-linux-x86_64-fedora-gcc