Last updated on 2022-08-15 08:49:55 CEST.
Flavor | Version | Tinstall | Tcheck | Ttotal | Status | Flags |
---|---|---|---|---|---|---|
r-devel-linux-x86_64-debian-clang | 0.3.1 | 16.44 | 126.95 | 143.39 | NOTE | |
r-devel-linux-x86_64-debian-gcc | 0.3.1 | 11.48 | 92.48 | 103.96 | NOTE | |
r-devel-linux-x86_64-fedora-clang | 0.3.1 | 178.36 | NOTE | |||
r-devel-linux-x86_64-fedora-gcc | 0.3.1 | 182.63 | NOTE | |||
r-devel-windows-x86_64 | 0.3.1 | 75.00 | 138.00 | 213.00 | NOTE | |
r-patched-linux-x86_64 | 0.3.1 | 9.87 | 121.68 | 131.55 | NOTE | |
r-release-linux-x86_64 | 0.3.1 | 9.81 | 117.56 | 127.37 | NOTE | |
r-release-macos-arm64 | 0.3.1 | 46.00 | NOTE | |||
r-release-macos-x86_64 | 0.3.1 | 75.00 | NOTE | |||
r-release-windows-x86_64 | 0.3.1 | 75.00 | 141.00 | 216.00 | NOTE | |
r-oldrel-macos-arm64 | 0.3.1 | 56.00 | NOTE | |||
r-oldrel-macos-x86_64 | 0.3.1 | 81.00 | NOTE | |||
r-oldrel-windows-ix86+x86_64 | 0.3.1 | 36.00 | 138.00 | 174.00 | NOTE |
Version: 0.3.1
Check: LazyData
Result: NOTE
'LazyData' is specified without a 'data' directory
Flavors: r-devel-linux-x86_64-debian-clang, r-devel-linux-x86_64-debian-gcc, r-devel-linux-x86_64-fedora-clang, r-devel-linux-x86_64-fedora-gcc, r-devel-windows-x86_64, r-patched-linux-x86_64, r-release-linux-x86_64, r-release-macos-arm64, r-release-macos-x86_64, r-release-windows-x86_64, r-oldrel-macos-arm64, r-oldrel-macos-x86_64, r-oldrel-windows-ix86+x86_64