Last updated on 2022-08-15 08:49:55 CEST.
Flavor | Version | Tinstall | Tcheck | Ttotal | Status | Flags |
---|---|---|---|---|---|---|
r-devel-linux-x86_64-debian-clang | 2.1.0 | 11.26 | 264.07 | 275.33 | OK | |
r-devel-linux-x86_64-debian-gcc | 2.1.0 | 9.18 | 203.76 | 212.94 | OK | |
r-devel-linux-x86_64-fedora-clang | 2.1.0 | 355.69 | NOTE | |||
r-devel-linux-x86_64-fedora-gcc | 2.1.0 | 332.04 | NOTE | |||
r-devel-windows-x86_64 | 2.1.0 | 91.00 | 348.00 | 439.00 | OK | |
r-patched-linux-x86_64 | 2.1.0 | 14.51 | 263.59 | 278.10 | OK | |
r-release-linux-x86_64 | 2.1.0 | 11.59 | 258.31 | 269.90 | OK | |
r-release-macos-arm64 | 2.1.0 | 105.00 | NOTE | |||
r-release-macos-x86_64 | 2.1.0 | 164.00 | NOTE | |||
r-release-windows-x86_64 | 2.1.0 | 77.00 | 351.00 | 428.00 | OK | |
r-oldrel-macos-arm64 | 2.1.0 | 122.00 | NOTE | |||
r-oldrel-macos-x86_64 | 2.1.0 | 182.00 | NOTE | |||
r-oldrel-windows-ix86+x86_64 | 2.1.0 | 22.00 | 354.00 | 376.00 | OK |
Version: 2.1.0
Check: dependencies in R code
Result: NOTE
Namespace in Imports field not imported from: ‘matrixStats’
All declared Imports should be used.
Flavors: r-devel-linux-x86_64-fedora-clang, r-devel-linux-x86_64-fedora-gcc, r-release-macos-arm64, r-release-macos-x86_64, r-oldrel-macos-arm64, r-oldrel-macos-x86_64