Last updated on 2022-08-15 08:49:55 CEST.
Flavor | Version | Tinstall | Tcheck | Ttotal | Status | Flags |
---|---|---|---|---|---|---|
r-devel-linux-x86_64-debian-clang | 3.1 | 6.80 | 42.35 | 49.15 | NOTE | |
r-devel-linux-x86_64-debian-gcc | 3.1 | 4.86 | 31.30 | 36.16 | NOTE | |
r-devel-linux-x86_64-fedora-clang | 3.1 | 67.15 | NOTE | |||
r-devel-linux-x86_64-fedora-gcc | 3.1 | 68.40 | NOTE | |||
r-devel-windows-x86_64 | 3.1 | 20.00 | 62.00 | 82.00 | NOTE | |
r-patched-linux-x86_64 | 3.1 | 4.44 | 41.10 | 45.54 | NOTE | |
r-release-linux-x86_64 | 3.1 | 4.43 | 41.28 | 45.71 | NOTE | |
r-release-macos-arm64 | 3.1 | 18.00 | NOTE | |||
r-release-macos-x86_64 | 3.1 | 28.00 | NOTE | |||
r-release-windows-x86_64 | 3.1 | 10.00 | 60.00 | 70.00 | NOTE | |
r-oldrel-macos-arm64 | 3.1 | 41.00 | NOTE | |||
r-oldrel-macos-x86_64 | 3.1 | 31.00 | NOTE | |||
r-oldrel-windows-ix86+x86_64 | 3.1 | 10.00 | 55.00 | 65.00 | NOTE |
Version: 3.1
Check: package dependencies
Result: NOTE
Package suggested but not available for checking: 'ExactData'
Flavors: r-devel-linux-x86_64-debian-clang, r-devel-linux-x86_64-debian-gcc, r-devel-linux-x86_64-fedora-clang, r-devel-linux-x86_64-fedora-gcc, r-devel-windows-x86_64, r-patched-linux-x86_64, r-release-linux-x86_64, r-release-macos-arm64, r-release-macos-x86_64, r-release-windows-x86_64, r-oldrel-macos-arm64, r-oldrel-macos-x86_64, r-oldrel-windows-ix86+x86_64