Last updated on 2022-08-15 08:49:55 CEST.
Flavor | Version | Tinstall | Tcheck | Ttotal | Status | Flags |
---|---|---|---|---|---|---|
r-devel-linux-x86_64-debian-clang | 1.1.15 | 47.90 | 339.53 | 387.43 | OK | |
r-devel-linux-x86_64-debian-gcc | 1.1.15 | 38.91 | 250.53 | 289.44 | OK | |
r-devel-linux-x86_64-fedora-clang | 1.1.15 | 468.87 | OK | |||
r-devel-linux-x86_64-fedora-gcc | 1.1.15 | 483.72 | OK | |||
r-devel-windows-x86_64 | 1.1.15 | 80.00 | 363.00 | 443.00 | OK | |
r-patched-linux-x86_64 | 1.1.15 | 42.77 | 323.31 | 366.08 | OK | |
r-release-linux-x86_64 | 1.1.15 | 39.56 | 318.33 | 357.89 | OK | |
r-release-macos-arm64 | 1.1.15 | 143.00 | OK | |||
r-release-macos-x86_64 | 1.1.15 | 196.00 | WARN | |||
r-release-windows-x86_64 | 1.1.15 | 72.00 | 361.00 | 433.00 | OK | |
r-oldrel-macos-arm64 | 1.1.15 | 181.00 | OK | |||
r-oldrel-macos-x86_64 | 1.1.15 | 190.00 | WARN | |||
r-oldrel-windows-ix86+x86_64 | 1.1.15 | 107.00 | 452.00 | 559.00 | OK |
Version: 1.1.15
Check: whether package can be installed
Result: WARN
Found the following significant warnings:
VP_psi.c:843:8: warning: 'gsl_finite' is deprecated: first deprecated in macOS 10.9 [-Wdeprecated-declarations]
VP_psi.c:843:41: warning: 'gsl_finite' is deprecated: first deprecated in macOS 10.9 [-Wdeprecated-declarations]
Flavors: r-release-macos-x86_64, r-oldrel-macos-x86_64