Last updated on 2022-08-15 08:49:55 CEST.
Flavor | Version | Tinstall | Tcheck | Ttotal | Status | Flags |
---|---|---|---|---|---|---|
r-devel-linux-x86_64-debian-clang | 0.1.4 | 3.24 | 33.76 | 37.00 | NOTE | |
r-devel-linux-x86_64-debian-gcc | 0.1.4 | 2.32 | 25.33 | 27.65 | NOTE | |
r-devel-linux-x86_64-fedora-clang | 0.1.4 | 54.90 | NOTE | |||
r-devel-linux-x86_64-fedora-gcc | 0.1.4 | 56.95 | NOTE | |||
r-devel-windows-x86_64 | 0.1.4 | 20.00 | 60.00 | 80.00 | OK | |
r-patched-linux-x86_64 | 0.1.4 | 2.53 | 31.71 | 34.24 | NOTE | |
r-release-linux-x86_64 | 0.1.4 | 2.68 | 31.15 | 33.83 | NOTE | |
r-release-macos-arm64 | 0.1.4 | 18.00 | OK | |||
r-release-macos-x86_64 | 0.1.4 | 23.00 | OK | |||
r-release-windows-x86_64 | 0.1.4 | 25.00 | 63.00 | 88.00 | OK | |
r-oldrel-macos-arm64 | 0.1.4 | 23.00 | OK | |||
r-oldrel-macos-x86_64 | 0.1.4 | 33.00 | OK | |||
r-oldrel-windows-ix86+x86_64 | 0.1.4 | 7.00 | 53.00 | 60.00 | OK |
Version: 0.1.4
Check: package dependencies
Result: NOTE
Package suggested but not available for checking: 'cec2013'
Flavors: r-devel-linux-x86_64-debian-clang, r-devel-linux-x86_64-debian-gcc, r-devel-linux-x86_64-fedora-clang, r-devel-linux-x86_64-fedora-gcc, r-patched-linux-x86_64, r-release-linux-x86_64