Last updated on 2022-08-15 08:49:55 CEST.
Flavor | Version | Tinstall | Tcheck | Ttotal | Status | Flags |
---|---|---|---|---|---|---|
r-devel-linux-x86_64-debian-clang | 1.2.2 | 22.90 | 122.42 | 145.32 | NOTE | |
r-devel-linux-x86_64-debian-gcc | 1.2.2 | 18.30 | 87.42 | 105.72 | NOTE | |
r-devel-linux-x86_64-fedora-clang | 1.2.2 | 176.84 | NOTE | |||
r-devel-linux-x86_64-fedora-gcc | 1.2.2 | 180.55 | NOTE | |||
r-devel-windows-x86_64 | 1.2.2 | 66.00 | 132.00 | 198.00 | NOTE | |
r-patched-linux-x86_64 | 1.2.2 | 19.26 | 110.92 | 130.18 | OK | |
r-release-linux-x86_64 | 1.2.2 | 21.02 | 114.69 | 135.71 | OK | |
r-release-macos-arm64 | 1.2.2 | 39.00 | OK | |||
r-release-macos-x86_64 | 1.2.2 | 56.00 | OK | |||
r-release-windows-x86_64 | 1.2.2 | 31.00 | 130.00 | 161.00 | OK | |
r-oldrel-macos-arm64 | 1.2.2 | 53.00 | OK | |||
r-oldrel-macos-x86_64 | 1.2.2 | 56.00 | OK | |||
r-oldrel-windows-ix86+x86_64 | 1.2.2 | 38.00 | 135.00 | 173.00 | OK |
Version: 1.2.2
Check: Rd files
Result: NOTE
checkRd: (-1) ccF.Rd:5: Escaped LaTeX specials: \&
checkRd: (-1) ccF.Rd:32: Escaped LaTeX specials: \&
checkRd: (-1) ccF.Rd:29: Escaped LaTeX specials: \&
Flavors: r-devel-linux-x86_64-debian-clang, r-devel-linux-x86_64-debian-gcc, r-devel-linux-x86_64-fedora-clang, r-devel-linux-x86_64-fedora-gcc, r-devel-windows-x86_64