Last updated on 2022-08-15 08:49:55 CEST.
Flavor | Version | Tinstall | Tcheck | Ttotal | Status | Flags |
---|---|---|---|---|---|---|
r-devel-linux-x86_64-debian-clang | 0.2.0 | 2.43 | 55.44 | 57.87 | NOTE | |
r-devel-linux-x86_64-debian-gcc | 0.2.0 | 1.97 | 42.33 | 44.30 | NOTE | |
r-devel-linux-x86_64-fedora-clang | 0.2.0 | 82.45 | NOTE | |||
r-devel-linux-x86_64-fedora-gcc | 0.2.0 | 79.87 | NOTE | |||
r-devel-windows-x86_64 | 0.2.0 | 21.00 | 90.00 | 111.00 | NOTE | |
r-patched-linux-x86_64 | 0.2.0 | 2.82 | 54.96 | 57.78 | NOTE | |
r-release-linux-x86_64 | 0.2.0 | 2.79 | 53.58 | 56.37 | NOTE | |
r-release-macos-arm64 | 0.2.0 | 28.00 | NOTE | |||
r-release-macos-x86_64 | 0.2.0 | 50.00 | NOTE | |||
r-release-windows-x86_64 | 0.2.0 | 34.00 | 93.00 | 127.00 | NOTE | |
r-oldrel-macos-arm64 | 0.2.0 | 34.00 | NOTE | |||
r-oldrel-macos-x86_64 | 0.2.0 | 49.00 | NOTE | |||
r-oldrel-windows-ix86+x86_64 | 0.2.0 | 7.00 | 75.00 | 82.00 | NOTE |
Version: 0.2.0
Check: LazyData
Result: NOTE
'LazyData' is specified without a 'data' directory
Flavors: r-devel-linux-x86_64-debian-clang, r-devel-linux-x86_64-debian-gcc, r-devel-linux-x86_64-fedora-clang, r-devel-linux-x86_64-fedora-gcc, r-devel-windows-x86_64, r-patched-linux-x86_64, r-release-linux-x86_64, r-release-macos-arm64, r-release-macos-x86_64, r-release-windows-x86_64, r-oldrel-macos-arm64, r-oldrel-macos-x86_64, r-oldrel-windows-ix86+x86_64