Last updated on 2022-08-15 08:49:55 CEST.
Flavor | Version | Tinstall | Tcheck | Ttotal | Status | Flags |
---|---|---|---|---|---|---|
r-devel-linux-x86_64-debian-clang | 9.1.5 | 28.06 | 263.94 | 292.00 | NOTE | |
r-devel-linux-x86_64-debian-gcc | 9.1.5 | 22.06 | 193.23 | 215.29 | NOTE | |
r-devel-linux-x86_64-fedora-clang | 9.1.5 | 350.18 | NOTE | |||
r-devel-linux-x86_64-fedora-gcc | 9.1.5 | 368.13 | NOTE | |||
r-devel-windows-x86_64 | 9.1.5 | 41.00 | 258.00 | 299.00 | NOTE | |
r-patched-linux-x86_64 | 9.1.5 | 23.29 | 251.47 | 274.76 | NOTE | |
r-release-linux-x86_64 | 9.1.5 | 24.96 | 255.13 | 280.09 | NOTE | |
r-release-macos-arm64 | 9.1.5 | 66.00 | NOTE | |||
r-release-macos-x86_64 | 9.1.5 | 105.00 | NOTE | |||
r-release-windows-x86_64 | 9.1.5 | 56.00 | 263.00 | 319.00 | NOTE | |
r-oldrel-macos-arm64 | 9.1.5 | 42.00 | NOTE | |||
r-oldrel-macos-x86_64 | 9.1.5 | 73.00 | NOTE | |||
r-oldrel-windows-ix86+x86_64 | 9.1.5 | 61.00 | 257.00 | 318.00 | NOTE |
Version: 9.1.5
Check: LazyData
Result: NOTE
'LazyData' is specified without a 'data' directory
Flavors: r-devel-linux-x86_64-debian-clang, r-devel-linux-x86_64-debian-gcc, r-devel-linux-x86_64-fedora-clang, r-devel-linux-x86_64-fedora-gcc, r-devel-windows-x86_64, r-patched-linux-x86_64, r-release-linux-x86_64, r-release-macos-arm64, r-release-macos-x86_64, r-release-windows-x86_64, r-oldrel-macos-arm64, r-oldrel-macos-x86_64, r-oldrel-windows-ix86+x86_64