Last updated on 2022-08-15 08:49:55 CEST.
Flavor | Version | Tinstall | Tcheck | Ttotal | Status | Flags |
---|---|---|---|---|---|---|
r-devel-linux-x86_64-debian-clang | 2.2.3 | 8.63 | 80.39 | 89.02 | OK | |
r-devel-linux-x86_64-debian-gcc | 2.2.3 | 5.81 | 60.49 | 66.30 | OK | |
r-devel-linux-x86_64-fedora-clang | 2.2.3 | 116.78 | NOTE | |||
r-devel-linux-x86_64-fedora-gcc | 2.2.3 | 118.71 | NOTE | |||
r-devel-windows-x86_64 | 2.2.3 | 25.00 | 115.00 | 140.00 | OK | |
r-patched-linux-x86_64 | 2.2.3 | 8.38 | 76.31 | 84.69 | OK | |
r-release-linux-x86_64 | 2.2.3 | 6.32 | 76.80 | 83.12 | OK | |
r-release-macos-arm64 | 2.2.3 | 35.00 | NOTE | |||
r-release-macos-x86_64 | 2.2.3 | 61.00 | NOTE | |||
r-release-windows-x86_64 | 2.2.3 | 27.00 | 116.00 | 143.00 | OK | |
r-oldrel-macos-arm64 | 2.2.3 | 34.00 | NOTE | |||
r-oldrel-macos-x86_64 | 2.2.3 | 46.00 | NOTE | |||
r-oldrel-windows-ix86+x86_64 | 2.2.3 | 20.00 | 111.00 | 131.00 | OK |
Version: 2.2.3
Check: data for non-ASCII characters
Result: NOTE
Note: found 179 marked UTF-8 strings
Flavors: r-devel-linux-x86_64-fedora-clang, r-devel-linux-x86_64-fedora-gcc, r-release-macos-arm64, r-release-macos-x86_64, r-oldrel-macos-arm64, r-oldrel-macos-x86_64