Last updated on 2022-08-15 08:49:56 CEST.
Flavor | Version | Tinstall | Tcheck | Ttotal | Status | Flags |
---|---|---|---|---|---|---|
r-devel-linux-x86_64-debian-clang | 0.94 | 2.37 | 26.51 | 28.88 | NOTE | |
r-devel-linux-x86_64-debian-gcc | 0.94 | 1.60 | 20.46 | 22.06 | NOTE | |
r-devel-linux-x86_64-fedora-clang | 0.94 | 45.40 | NOTE | |||
r-devel-linux-x86_64-fedora-gcc | 0.94 | 48.45 | NOTE | |||
r-devel-windows-x86_64 | 0.94 | 12.00 | 51.00 | 63.00 | NOTE | |
r-patched-linux-x86_64 | 0.94 | 3.08 | 25.30 | 28.38 | NOTE | |
r-release-linux-x86_64 | 0.94 | 2.69 | 24.87 | 27.56 | NOTE | |
r-release-macos-arm64 | 0.94 | 15.00 | NOTE | |||
r-release-macos-x86_64 | 0.94 | 21.00 | NOTE | |||
r-release-windows-x86_64 | 0.94 | 12.00 | 52.00 | 64.00 | NOTE | |
r-oldrel-macos-arm64 | 0.94 | 20.00 | NOTE | |||
r-oldrel-macos-x86_64 | 0.94 | 25.00 | NOTE | |||
r-oldrel-windows-ix86+x86_64 | 0.94 | 7.00 | 46.00 | 53.00 | NOTE |
Version: 0.94
Check: LazyData
Result: NOTE
'LazyData' is specified without a 'data' directory
Flavors: r-devel-linux-x86_64-debian-clang, r-devel-linux-x86_64-debian-gcc, r-devel-linux-x86_64-fedora-clang, r-devel-linux-x86_64-fedora-gcc, r-devel-windows-x86_64, r-patched-linux-x86_64, r-release-linux-x86_64, r-release-macos-arm64, r-release-macos-x86_64, r-release-windows-x86_64, r-oldrel-macos-arm64, r-oldrel-macos-x86_64, r-oldrel-windows-ix86+x86_64