Last updated on 2022-08-15 08:49:56 CEST.
Flavor | Version | Tinstall | Tcheck | Ttotal | Status | Flags |
---|---|---|---|---|---|---|
r-devel-linux-x86_64-debian-clang | 0.0.6 | 42.49 | 109.90 | 152.39 | NOTE | |
r-devel-linux-x86_64-debian-gcc | 0.0.6 | 35.38 | 72.60 | 107.98 | NOTE | |
r-devel-linux-x86_64-fedora-clang | 0.0.6 | 190.63 | NOTE | |||
r-devel-linux-x86_64-fedora-gcc | 0.0.6 | 203.95 | NOTE | |||
r-devel-windows-x86_64 | 0.0.6 | 43.00 | 147.00 | 190.00 | NOTE | |
r-patched-linux-x86_64 | 0.0.6 | 43.09 | 102.33 | 145.42 | NOTE | |
r-release-linux-x86_64 | 0.0.6 | 41.26 | 104.34 | 145.60 | NOTE | |
r-release-macos-arm64 | 0.0.6 | 55.00 | NOTE | |||
r-release-macos-x86_64 | 0.0.6 | 68.00 | NOTE | |||
r-release-windows-x86_64 | 0.0.6 | 45.00 | 149.00 | 194.00 | NOTE | |
r-oldrel-macos-arm64 | 0.0.6 | 61.00 | NOTE | |||
r-oldrel-macos-x86_64 | 0.0.6 | 100.00 | NOTE | |||
r-oldrel-windows-ix86+x86_64 | 0.0.6 | 98.00 | 166.00 | 264.00 | NOTE |
Version: 0.0.6
Check: LazyData
Result: NOTE
'LazyData' is specified without a 'data' directory
Flavors: r-devel-linux-x86_64-debian-clang, r-devel-linux-x86_64-debian-gcc, r-devel-linux-x86_64-fedora-clang, r-devel-linux-x86_64-fedora-gcc, r-devel-windows-x86_64, r-patched-linux-x86_64, r-release-linux-x86_64, r-release-macos-arm64, r-release-macos-x86_64, r-release-windows-x86_64, r-oldrel-macos-arm64, r-oldrel-macos-x86_64, r-oldrel-windows-ix86+x86_64
Version: 0.0.6
Check: dependencies in R code
Result: NOTE
Namespaces in Imports field not imported from:
‘MASS’ ‘XML’ ‘gglasso’ ‘methods’
All declared Imports should be used.
Flavors: r-devel-linux-x86_64-fedora-clang, r-devel-linux-x86_64-fedora-gcc, r-release-macos-arm64, r-release-macos-x86_64, r-oldrel-macos-arm64, r-oldrel-macos-x86_64
Version: 0.0.6
Check: installed package size
Result: NOTE
installed size is 9.9Mb
sub-directories of 1Mb or more:
libs 9.0Mb
Flavors: r-release-macos-arm64, r-release-macos-x86_64, r-oldrel-macos-arm64, r-oldrel-macos-x86_64