Last updated on 2022-08-15 08:49:56 CEST.
Flavor | Version | Tinstall | Tcheck | Ttotal | Status | Flags |
---|---|---|---|---|---|---|
r-devel-linux-x86_64-debian-clang | 0.2.0 | 2.48 | 53.83 | 56.31 | OK | |
r-devel-linux-x86_64-debian-gcc | 0.2.0 | 2.63 | 41.71 | 44.34 | OK | |
r-devel-linux-x86_64-fedora-clang | 0.2.0 | 78.05 | NOTE | |||
r-devel-linux-x86_64-fedora-gcc | 0.2.0 | 78.54 | NOTE | |||
r-devel-windows-x86_64 | 0.2.0 | 12.00 | 77.00 | 89.00 | OK | |
r-patched-linux-x86_64 | 0.2.0 | 3.59 | 51.35 | 54.94 | OK | |
r-release-linux-x86_64 | 0.2.0 | 3.19 | 50.65 | 53.84 | OK | |
r-release-macos-arm64 | 0.2.0 | 29.00 | NOTE | |||
r-release-macos-x86_64 | 0.2.0 | 33.00 | NOTE | |||
r-release-windows-x86_64 | 0.2.0 | 12.00 | 78.00 | 90.00 | OK | |
r-oldrel-macos-arm64 | 0.2.0 | 25.00 | NOTE | |||
r-oldrel-macos-x86_64 | 0.2.0 | 32.00 | NOTE | |||
r-oldrel-windows-ix86+x86_64 | 0.2.0 | 11.00 | 77.00 | 88.00 | OK |
Version: 0.2.0
Check: dependencies in R code
Result: NOTE
Namespaces in Imports field not imported from:
‘Rdpack’ ‘curl’ ‘mathjaxr’
All declared Imports should be used.
Flavors: r-devel-linux-x86_64-fedora-clang, r-devel-linux-x86_64-fedora-gcc, r-release-macos-arm64, r-release-macos-x86_64, r-oldrel-macos-arm64, r-oldrel-macos-x86_64