Last updated on 2022-08-15 08:49:56 CEST.
Flavor | Version | Tinstall | Tcheck | Ttotal | Status | Flags |
---|---|---|---|---|---|---|
r-devel-linux-x86_64-debian-clang | 1.0 | 2.98 | 24.60 | 27.58 | NOTE | |
r-devel-linux-x86_64-debian-gcc | 1.0 | 1.63 | 19.25 | 20.88 | NOTE | |
r-devel-linux-x86_64-fedora-clang | 1.0 | 44.65 | NOTE | |||
r-devel-linux-x86_64-fedora-gcc | 1.0 | 45.50 | NOTE | |||
r-devel-windows-x86_64 | 1.0 | 10.00 | 49.00 | 59.00 | NOTE | |
r-patched-linux-x86_64 | 1.0 | 2.26 | 25.05 | 27.31 | NOTE | |
r-release-linux-x86_64 | 1.0 | 2.68 | 24.98 | 27.66 | NOTE | |
r-release-macos-arm64 | 1.0 | 17.00 | NOTE | |||
r-release-macos-x86_64 | 1.0 | 22.00 | NOTE | |||
r-release-windows-x86_64 | 1.0 | 6.00 | 50.00 | 56.00 | NOTE | |
r-oldrel-macos-arm64 | 1.0 | 21.00 | NOTE | |||
r-oldrel-macos-x86_64 | 1.0 | 25.00 | NOTE | |||
r-oldrel-windows-ix86+x86_64 | 1.0 | 5.00 | 42.00 | 47.00 | NOTE |
Version: 1.0
Check: DESCRIPTION meta-information
Result: NOTE
Malformed Description field: should contain one or more complete sentences.
Flavors: r-devel-linux-x86_64-debian-clang, r-devel-linux-x86_64-debian-gcc, r-devel-linux-x86_64-fedora-clang, r-devel-linux-x86_64-fedora-gcc, r-devel-windows-x86_64, r-patched-linux-x86_64, r-release-linux-x86_64, r-release-macos-arm64, r-release-macos-x86_64, r-release-windows-x86_64, r-oldrel-macos-arm64, r-oldrel-macos-x86_64, r-oldrel-windows-ix86+x86_64