Last updated on 2022-08-15 08:49:56 CEST.
Flavor | Version | Tinstall | Tcheck | Ttotal | Status | Flags |
---|---|---|---|---|---|---|
r-devel-linux-x86_64-debian-clang | 9.1.1 | 384.28 | 58.28 | 442.56 | NOTE | |
r-devel-linux-x86_64-debian-gcc | 9.1.1 | 330.63 | 46.97 | 377.60 | NOTE | |
r-devel-linux-x86_64-fedora-clang | 9.1.1 | 663.85 | NOTE | |||
r-devel-linux-x86_64-fedora-gcc | 9.1.1 | 636.49 | NOTE | |||
r-devel-windows-x86_64 | 9.1.1 | 273.00 | 110.00 | 383.00 | NOTE | |
r-patched-linux-x86_64 | 9.1.1 | 334.40 | 58.11 | 392.51 | NOTE | |
r-release-linux-x86_64 | 9.1.1 | 337.38 | 56.20 | 393.58 | NOTE | |
r-release-macos-arm64 | 9.1.1 | 184.00 | NOTE | |||
r-release-macos-x86_64 | 9.1.1 | 106.00 | ERROR | |||
r-release-windows-x86_64 | 9.1.1 | 408.00 | 113.00 | 521.00 | NOTE | |
r-oldrel-macos-arm64 | 9.1.1 | 178.00 | NOTE | |||
r-oldrel-macos-x86_64 | 9.1.1 | 132.00 | ERROR | |||
r-oldrel-windows-ix86+x86_64 | 9.1.1 | 830.00 | 144.00 | 974.00 | NOTE |
Version: 9.1.1
Check: for GNU extensions in Makefiles
Result: NOTE
GNU make is a SystemRequirements.
Flavors: r-devel-linux-x86_64-debian-clang, r-devel-linux-x86_64-debian-gcc, r-devel-linux-x86_64-fedora-clang, r-devel-linux-x86_64-fedora-gcc, r-devel-windows-x86_64, r-patched-linux-x86_64, r-release-linux-x86_64, r-release-macos-arm64, r-release-windows-x86_64, r-oldrel-macos-arm64, r-oldrel-windows-ix86+x86_64
Version: 9.1.1
Check: installed package size
Result: NOTE
installed size is 21.6Mb
sub-directories of 1Mb or more:
libs 21.3Mb
Flavors: r-devel-linux-x86_64-fedora-clang, r-release-macos-arm64, r-oldrel-macos-arm64, r-oldrel-windows-ix86+x86_64
Version: 9.1.1
Check: whether package can be installed
Result: ERROR
Installation failed.
Flavors: r-release-macos-x86_64, r-oldrel-macos-x86_64