Last updated on 2022-08-15 08:49:56 CEST.
Flavor | Version | Tinstall | Tcheck | Ttotal | Status | Flags |
---|---|---|---|---|---|---|
r-devel-linux-x86_64-debian-clang | 0.1.0 | 32.43 | 337.61 | 370.04 | OK | |
r-devel-linux-x86_64-debian-gcc | 0.1.0 | 27.03 | 249.70 | 276.73 | OK | |
r-devel-linux-x86_64-fedora-clang | 0.1.0 | 452.02 | NOTE | |||
r-devel-linux-x86_64-fedora-gcc | 0.1.0 | 450.38 | NOTE | |||
r-devel-windows-x86_64 | 0.1.0 | 36.00 | 318.00 | 354.00 | OK | |
r-patched-linux-x86_64 | 0.1.0 | 29.29 | 312.87 | 342.16 | OK | |
r-release-linux-x86_64 | 0.1.0 | 28.80 | 314.32 | 343.12 | OK | |
r-release-macos-arm64 | 0.1.0 | 117.00 | NOTE | |||
r-release-macos-x86_64 | 0.1.0 | 194.00 | NOTE | |||
r-release-windows-x86_64 | 0.1.0 | 33.00 | 329.00 | 362.00 | OK | |
r-oldrel-macos-arm64 | 0.1.0 | 168.00 | NOTE | |||
r-oldrel-macos-x86_64 | 0.1.0 | 150.00 | NOTE | |||
r-oldrel-windows-ix86+x86_64 | 0.1.0 | 71.00 | 336.00 | 407.00 | OK |
Version: 0.1.0
Check: dependencies in R code
Result: NOTE
Namespace in Imports field not imported from: ‘MASS’
All declared Imports should be used.
Flavors: r-devel-linux-x86_64-fedora-clang, r-devel-linux-x86_64-fedora-gcc, r-release-macos-arm64, r-release-macos-x86_64, r-oldrel-macos-arm64, r-oldrel-macos-x86_64