Last updated on 2022-08-15 08:49:56 CEST.
Flavor | Version | Tinstall | Tcheck | Ttotal | Status | Flags |
---|---|---|---|---|---|---|
r-devel-linux-x86_64-debian-clang | 3.4.2 | 118.32 | 227.26 | 345.58 | OK | |
r-devel-linux-x86_64-debian-gcc | 3.4.2 | 103.57 | 164.33 | 267.90 | OK | |
r-devel-linux-x86_64-fedora-clang | 3.4.2 | 438.96 | OK | |||
r-devel-linux-x86_64-fedora-gcc | 3.4.2 | 450.14 | OK | |||
r-devel-windows-x86_64 | 3.4.2 | 146.00 | 237.00 | 383.00 | OK | |
r-patched-linux-x86_64 | 3.4.2 | 98.65 | 209.30 | 307.95 | OK | |
r-release-linux-x86_64 | 3.4.2 | 77.71 | 213.15 | 290.86 | OK | |
r-release-macos-arm64 | 3.4.2 | 109.00 | NOTE | |||
r-release-macos-x86_64 | 3.4.2 | 129.00 | NOTE | |||
r-release-windows-x86_64 | 3.4.2 | 158.00 | 237.00 | 395.00 | OK | |
r-oldrel-macos-arm64 | 3.4.2 | 98.00 | NOTE | |||
r-oldrel-macos-x86_64 | 3.4.2 | 128.00 | NOTE | |||
r-oldrel-windows-ix86+x86_64 | 3.4.2 | 257.00 | 280.00 | 537.00 | NOTE |
Version: 3.4.2
Check: installed package size
Result: NOTE
installed size is 9.3Mb
sub-directories of 1Mb or more:
doc 1.7Mb
libs 6.5Mb
Flavors: r-release-macos-arm64, r-release-macos-x86_64, r-oldrel-macos-arm64, r-oldrel-macos-x86_64, r-oldrel-windows-ix86+x86_64