Last updated on 2022-08-15 08:49:56 CEST.
Flavor | Version | Tinstall | Tcheck | Ttotal | Status | Flags |
---|---|---|---|---|---|---|
r-devel-linux-x86_64-debian-clang | 2.0.5 | 158.12 | 639.42 | 797.54 | NOTE | |
r-devel-linux-x86_64-debian-gcc | 2.0.5 | 143.27 | 467.19 | 610.46 | NOTE | |
r-devel-linux-x86_64-fedora-clang | 2.0.5 | 1013.30 | NOTE | |||
r-devel-linux-x86_64-fedora-gcc | 2.0.5 | 1090.99 | NOTE | |||
r-devel-windows-x86_64 | 2.0.5 | 123.00 | 335.00 | 458.00 | NOTE | --no-vignettes |
r-patched-linux-x86_64 | 2.0.5 | 154.56 | 612.19 | 766.75 | NOTE | |
r-release-linux-x86_64 | 2.0.5 | 150.36 | 607.92 | 758.28 | NOTE | |
r-release-macos-arm64 | 2.0.5 | 282.00 | NOTE | |||
r-release-macos-x86_64 | 2.0.5 | 456.00 | NOTE | |||
r-release-windows-x86_64 | 2.0.5 | 130.00 | 335.00 | 465.00 | NOTE | --no-vignettes |
r-oldrel-macos-arm64 | 2.0.5 | 166.00 | NOTE | |||
r-oldrel-macos-x86_64 | 2.0.5 | 322.00 | NOTE | |||
r-oldrel-windows-ix86+x86_64 | 2.0.5 | 323.00 | 547.00 | 870.00 | NOTE | --no-vignettes |
Version: 2.0.5
Check: package dependencies
Result: NOTE
Packages suggested but not available for checking: 'dggrids', 'INLA'
Flavors: r-devel-linux-x86_64-debian-clang, r-devel-linux-x86_64-debian-gcc, r-patched-linux-x86_64, r-release-linux-x86_64, r-release-macos-arm64, r-release-macos-x86_64, r-oldrel-macos-arm64, r-oldrel-macos-x86_64
Version: 2.0.5
Check: HTML version of manual
Result: NOTE
Found the following HTML validation problems:
SRE.html:290:1: Warning: inserting implicit <p>
SRE.html:321:1: Warning: inserting implicit <p>
SRE.html:290:1: Warning: trimming empty <p>
SRE.html:321:1: Warning: trimming empty <p>
Flavors: r-devel-linux-x86_64-debian-clang, r-devel-linux-x86_64-debian-gcc, r-devel-linux-x86_64-fedora-clang, r-devel-linux-x86_64-fedora-gcc
Version: 2.0.5
Check: package dependencies
Result: NOTE
Package suggested but not available for checking: ‘dggrids’
Flavors: r-devel-linux-x86_64-fedora-clang, r-devel-linux-x86_64-fedora-gcc
Version: 2.0.5
Check: installed package size
Result: NOTE
installed size is 9.4Mb
sub-directories of 1Mb or more:
data 5.0Mb
doc 1.7Mb
libs 1.7Mb
Flavors: r-devel-linux-x86_64-fedora-clang, r-release-macos-arm64, r-release-macos-x86_64, r-oldrel-macos-arm64, r-oldrel-macos-x86_64
Version: 2.0.5
Flags: --no-vignettes
Check: package dependencies
Result: NOTE
Packages suggested but not available for checking: 'dggrids', 'INLA'
Flavors: r-devel-windows-x86_64, r-release-windows-x86_64
Version: 2.0.5
Flags: --no-vignettes
Check: installed package size
Result: NOTE
installed size is 20.5Mb
sub-directories of 1Mb or more:
data 5.0Mb
doc 1.7Mb
libs 12.9Mb
Flavors: r-devel-windows-x86_64, r-release-windows-x86_64, r-oldrel-windows-ix86+x86_64
Version: 2.0.5
Flags: --no-vignettes
Check: package dependencies
Result: NOTE
Package suggested but not available for checking: 'dggrids'
Flavor: r-oldrel-windows-ix86+x86_64