Last updated on 2022-08-15 08:49:55 CEST.
Flavor | Version | Tinstall | Tcheck | Ttotal | Status | Flags |
---|---|---|---|---|---|---|
r-devel-linux-x86_64-debian-clang | 2.2.1 | 5.85 | 51.50 | 57.35 | OK | |
r-devel-linux-x86_64-debian-gcc | 2.2.1 | 4.36 | 38.82 | 43.18 | OK | |
r-devel-linux-x86_64-fedora-clang | 2.2.1 | 81.58 | NOTE | |||
r-devel-linux-x86_64-fedora-gcc | 2.2.1 | 81.45 | NOTE | |||
r-devel-windows-x86_64 | 2.2.1 | 12.00 | 72.00 | 84.00 | OK | |
r-patched-linux-x86_64 | 2.2.1 | 4.66 | 49.17 | 53.83 | OK | |
r-release-linux-x86_64 | 2.2.1 | 4.63 | 50.99 | 55.62 | OK | |
r-release-macos-arm64 | 2.2.1 | 24.00 | NOTE | |||
r-release-macos-x86_64 | 2.2.1 | 44.00 | NOTE | |||
r-release-windows-x86_64 | 2.2.1 | 10.00 | 74.00 | 84.00 | OK | |
r-oldrel-macos-arm64 | 2.2.1 | 37.00 | NOTE | |||
r-oldrel-macos-x86_64 | 2.2.1 | 31.00 | NOTE | |||
r-oldrel-windows-ix86+x86_64 | 2.2.1 | 17.00 | 70.00 | 87.00 | OK |
Version: 2.2.1
Check: dependencies in R code
Result: NOTE
Namespaces in Imports field not imported from:
‘base’ ‘data.table’
All declared Imports should be used.
Flavors: r-devel-linux-x86_64-fedora-clang, r-devel-linux-x86_64-fedora-gcc, r-release-macos-arm64, r-release-macos-x86_64, r-oldrel-macos-arm64, r-oldrel-macos-x86_64