Last updated on 2022-08-15 08:49:55 CEST.
Flavor | Version | Tinstall | Tcheck | Ttotal | Status | Flags |
---|---|---|---|---|---|---|
r-devel-linux-x86_64-debian-clang | 1.0 | 26.90 | 33.13 | 60.03 | NOTE | |
r-devel-linux-x86_64-debian-gcc | 1.0 | 21.29 | 26.40 | 47.69 | NOTE | |
r-devel-linux-x86_64-fedora-clang | 1.0 | 97.23 | NOTE | |||
r-devel-linux-x86_64-fedora-gcc | 1.0 | 93.71 | NOTE | |||
r-devel-windows-x86_64 | 1.0 | 33.00 | 75.00 | 108.00 | NOTE | |
r-patched-linux-x86_64 | 1.0 | 27.54 | 32.33 | 59.87 | NOTE | |
r-release-linux-x86_64 | 1.0 | 25.09 | 33.38 | 58.47 | NOTE | |
r-release-macos-arm64 | 1.0 | 28.00 | NOTE | |||
r-release-macos-x86_64 | 1.0 | 34.00 | NOTE | |||
r-release-windows-x86_64 | 1.0 | 38.00 | 81.00 | 119.00 | NOTE | |
r-oldrel-macos-arm64 | 1.0 | 27.00 | NOTE | |||
r-oldrel-macos-x86_64 | 1.0 | 45.00 | NOTE | |||
r-oldrel-windows-ix86+x86_64 | 1.0 | 77.00 | 84.00 | 161.00 | NOTE |
Version: 1.0
Check: LazyData
Result: NOTE
'LazyData' is specified without a 'data' directory
Flavors: r-devel-linux-x86_64-debian-clang, r-devel-linux-x86_64-debian-gcc, r-devel-linux-x86_64-fedora-clang, r-devel-linux-x86_64-fedora-gcc, r-devel-windows-x86_64, r-patched-linux-x86_64, r-release-linux-x86_64, r-release-macos-arm64, r-release-macos-x86_64, r-release-windows-x86_64, r-oldrel-macos-arm64, r-oldrel-macos-x86_64, r-oldrel-windows-ix86+x86_64