Last updated on 2022-08-15 08:49:55 CEST.
Flavor | Version | Tinstall | Tcheck | Ttotal | Status | Flags |
---|---|---|---|---|---|---|
r-devel-linux-x86_64-debian-clang | 2.2.0 | 45.88 | 44.69 | 90.57 | OK | |
r-devel-linux-x86_64-debian-gcc | 2.2.0 | 43.04 | 30.75 | 73.79 | OK | |
r-devel-linux-x86_64-fedora-clang | 2.2.0 | 134.60 | OK | |||
r-devel-linux-x86_64-fedora-gcc | 2.2.0 | 144.73 | OK | |||
r-devel-windows-x86_64 | 2.2.0 | 45.00 | 82.00 | 127.00 | OK | |
r-patched-linux-x86_64 | 2.2.0 | 40.90 | 54.49 | 95.39 | OK | |
r-release-linux-x86_64 | 2.2.0 | 40.70 | 55.11 | 95.81 | OK | |
r-release-macos-arm64 | 2.2.0 | 35.00 | OK | |||
r-release-macos-x86_64 | 2.2.0 | 46.00 | OK | |||
r-release-windows-x86_64 | 2.2.0 | 51.00 | 88.00 | 139.00 | OK | |
r-oldrel-macos-arm64 | 2.2.0 | 42.00 | NOTE | |||
r-oldrel-macos-x86_64 | 2.2.0 | 61.00 | OK | |||
r-oldrel-windows-ix86+x86_64 | 2.2.0 | 112.00 | 148.00 | 260.00 | OK |
Version: 2.2.0
Check: installed package size
Result: NOTE
installed size is 6.1Mb
sub-directories of 1Mb or more:
libs 5.9Mb
Flavor: r-oldrel-macos-arm64