Last updated on 2022-08-15 08:49:55 CEST.
Flavor | Version | Tinstall | Tcheck | Ttotal | Status | Flags |
---|---|---|---|---|---|---|
r-devel-linux-x86_64-debian-clang | 1.2 | 46.95 | 31.67 | 78.62 | OK | |
r-devel-linux-x86_64-debian-gcc | 1.2 | 37.37 | 25.48 | 62.85 | OK | |
r-devel-linux-x86_64-fedora-clang | 1.2 | 119.35 | NOTE | |||
r-devel-linux-x86_64-fedora-gcc | 1.2 | 112.91 | NOTE | |||
r-devel-windows-x86_64 | 1.2 | 37.00 | 80.00 | 117.00 | OK | |
r-patched-linux-x86_64 | 1.2 | 35.69 | 31.63 | 67.32 | OK | |
r-release-linux-x86_64 | 1.2 | 38.89 | 33.26 | 72.15 | OK | |
r-release-macos-arm64 | 1.2 | 32.00 | NOTE | |||
r-release-macos-x86_64 | 1.2 | 42.00 | NOTE | |||
r-release-windows-x86_64 | 1.2 | 40.00 | 84.00 | 124.00 | OK | |
r-oldrel-macos-arm64 | 1.2 | 42.00 | NOTE | |||
r-oldrel-macos-x86_64 | 1.2 | 55.00 | NOTE | |||
r-oldrel-windows-ix86+x86_64 | 1.2 | 112.00 | 75.00 | 187.00 | OK |
Version: 1.2
Check: compiled code
Result: NOTE
File ‘FastGP/libs/FastGP.so’:
Found no calls to: ‘R_registerRoutines’, ‘R_useDynamicSymbols’
It is good practice to register native routines and to disable symbol
search.
See ‘Writing portable packages’ in the ‘Writing R Extensions’ manual.
Flavors: r-devel-linux-x86_64-fedora-clang, r-devel-linux-x86_64-fedora-gcc
Version: 1.2
Check: installed package size
Result: NOTE
installed size is 7.2Mb
sub-directories of 1Mb or more:
libs 6.8Mb
Flavors: r-release-macos-arm64, r-release-macos-x86_64, r-oldrel-macos-arm64, r-oldrel-macos-x86_64