Last updated on 2022-08-15 08:49:55 CEST.
Flavor | Version | Tinstall | Tcheck | Ttotal | Status | Flags |
---|---|---|---|---|---|---|
r-devel-linux-x86_64-debian-clang | 0.5.2 | 46.58 | 38.79 | 85.37 | OK | |
r-devel-linux-x86_64-debian-gcc | 0.5.2 | 33.90 | 30.83 | 64.73 | OK | |
r-devel-linux-x86_64-fedora-clang | 0.5.2 | 115.34 | NOTE | |||
r-devel-linux-x86_64-fedora-gcc | 0.5.2 | 117.89 | NOTE | |||
r-devel-windows-x86_64 | 0.5.2 | 43.00 | 83.00 | 126.00 | OK | |
r-patched-linux-x86_64 | 0.5.2 | 36.00 | 36.14 | 72.14 | OK | |
r-release-linux-x86_64 | 0.5.2 | 35.55 | 37.54 | 73.09 | OK | |
r-release-macos-arm64 | 0.5.2 | 37.00 | NOTE | |||
r-release-macos-x86_64 | 0.5.2 | 51.00 | NOTE | |||
r-release-windows-x86_64 | 0.5.2 | 54.00 | 85.00 | 139.00 | OK | |
r-oldrel-macos-arm64 | 0.5.2 | 50.00 | NOTE | |||
r-oldrel-macos-x86_64 | 0.5.2 | 43.00 | NOTE | |||
r-oldrel-windows-ix86+x86_64 | 0.5.2 | 101.00 | 106.00 | 207.00 | OK |
Version: 0.5.2
Check: dependencies in R code
Result: NOTE
Namespace in Imports field not imported from: ‘RobustGaSP’
All declared Imports should be used.
Flavors: r-devel-linux-x86_64-fedora-clang, r-devel-linux-x86_64-fedora-gcc, r-release-macos-arm64, r-release-macos-x86_64, r-oldrel-macos-arm64, r-oldrel-macos-x86_64
Version: 0.5.2
Check: installed package size
Result: NOTE
installed size is 10.3Mb
sub-directories of 1Mb or more:
libs 10.1Mb
Flavors: r-release-macos-arm64, r-release-macos-x86_64, r-oldrel-macos-arm64, r-oldrel-macos-x86_64