Last updated on 2022-08-15 08:49:55 CEST.
Flavor | Version | Tinstall | Tcheck | Ttotal | Status | Flags |
---|---|---|---|---|---|---|
r-devel-linux-x86_64-debian-clang | 1.1 | 8.40 | 70.76 | 79.16 | NOTE | |
r-devel-linux-x86_64-debian-gcc | 1.1 | 6.12 | 54.13 | 60.25 | NOTE | |
r-devel-linux-x86_64-fedora-clang | 1.1 | 107.65 | NOTE | |||
r-devel-linux-x86_64-fedora-gcc | 1.1 | 111.50 | NOTE | |||
r-devel-windows-x86_64 | 1.1 | 13.00 | 88.00 | 101.00 | NOTE | |
r-patched-linux-x86_64 | 1.1 | 7.04 | 68.47 | 75.51 | NOTE | |
r-release-linux-x86_64 | 1.1 | 9.73 | 68.86 | 78.59 | NOTE | |
r-release-macos-arm64 | 1.1 | 31.00 | NOTE | |||
r-release-macos-x86_64 | 1.1 | 44.00 | NOTE | |||
r-release-windows-x86_64 | 1.1 | 12.00 | 91.00 | 103.00 | NOTE | |
r-oldrel-macos-arm64 | 1.1 | 30.00 | NOTE | |||
r-oldrel-macos-x86_64 | 1.1 | 43.00 | NOTE | |||
r-oldrel-windows-ix86+x86_64 | 1.1 | 19.00 | 88.00 | 107.00 | NOTE |
Version: 1.1
Check: package dependencies
Result: NOTE
Package suggested but not available for checking: 'coxKM'
Flavors: r-devel-linux-x86_64-debian-clang, r-devel-linux-x86_64-debian-gcc, r-devel-linux-x86_64-fedora-clang, r-devel-linux-x86_64-fedora-gcc, r-devel-windows-x86_64, r-patched-linux-x86_64, r-release-linux-x86_64, r-release-macos-arm64, r-release-macos-x86_64, r-release-windows-x86_64, r-oldrel-macos-arm64, r-oldrel-macos-x86_64, r-oldrel-windows-ix86+x86_64