Last updated on 2022-08-15 08:49:56 CEST.
Flavor | Version | Tinstall | Tcheck | Ttotal | Status | Flags |
---|---|---|---|---|---|---|
r-devel-linux-x86_64-debian-clang | 0.1.3 | 25.77 | 22.68 | 48.45 | NOTE | |
r-devel-linux-x86_64-debian-gcc | 0.1.3 | 22.55 | 18.34 | 40.89 | NOTE | |
r-devel-linux-x86_64-fedora-clang | 0.1.3 | 70.00 | NOTE | |||
r-devel-linux-x86_64-fedora-gcc | 0.1.3 | 70.63 | NOTE | |||
r-devel-windows-x86_64 | 0.1.3 | 21.00 | 65.00 | 86.00 | NOTE | |
r-patched-linux-x86_64 | 0.1.3 | 22.59 | 22.60 | 45.19 | OK | |
r-release-linux-x86_64 | 0.1.3 | 18.45 | 22.83 | 41.28 | OK | |
r-release-macos-arm64 | 0.1.3 | 27.00 | NOTE | |||
r-release-macos-x86_64 | 0.1.3 | 33.00 | NOTE | |||
r-release-windows-x86_64 | 0.1.3 | 20.00 | 65.00 | 85.00 | OK | |
r-oldrel-macos-arm64 | 0.1.3 | 31.00 | NOTE | |||
r-oldrel-macos-x86_64 | 0.1.3 | 41.00 | NOTE | |||
r-oldrel-windows-ix86+x86_64 | 0.1.3 | 49.00 | 68.00 | 117.00 | OK |
Version: 0.1.3
Check: Rd files
Result: NOTE
checkRd: (-1) FastPCS-package.Rd:29: Escaped LaTeX specials: \&
checkRd: (-1) FastPCS.Rd:104: Escaped LaTeX specials: \&
Flavors: r-devel-linux-x86_64-debian-clang, r-devel-linux-x86_64-debian-gcc, r-devel-linux-x86_64-fedora-clang, r-devel-linux-x86_64-fedora-gcc, r-devel-windows-x86_64
Version: 0.1.3
Check: installed package size
Result: NOTE
installed size is 9.3Mb
sub-directories of 1Mb or more:
libs 9.3Mb
Flavors: r-release-macos-arm64, r-release-macos-x86_64, r-oldrel-macos-arm64, r-oldrel-macos-x86_64