Last updated on 2022-08-15 08:49:56 CEST.
Flavor | Version | Tinstall | Tcheck | Ttotal | Status | Flags |
---|---|---|---|---|---|---|
r-devel-linux-x86_64-debian-clang | 1.1.1 | 220.05 | 95.12 | 315.17 | OK | |
r-devel-linux-x86_64-debian-gcc | 1.1.1 | 198.16 | 72.56 | 270.72 | OK | |
r-devel-linux-x86_64-fedora-clang | 1.1.1 | 442.04 | OK | |||
r-devel-linux-x86_64-fedora-gcc | 1.1.1 | 470.15 | OK | |||
r-devel-windows-x86_64 | 1.1.1 | 224.00 | 156.00 | 380.00 | NOTE | |
r-patched-linux-x86_64 | 1.1.1 | 200.03 | 91.45 | 291.48 | OK | |
r-release-linux-x86_64 | 1.1.1 | 217.20 | 92.51 | 309.71 | OK | |
r-release-macos-arm64 | 1.1.1 | 109.00 | NOTE | |||
r-release-macos-x86_64 | 1.1.1 | 132.00 | NOTE | |||
r-release-windows-x86_64 | 1.1.1 | 200.00 | 156.00 | 356.00 | NOTE | |
r-oldrel-macos-arm64 | 1.1.1 | 97.00 | NOTE | |||
r-oldrel-macos-x86_64 | 1.1.1 | 134.00 | NOTE | |||
r-oldrel-windows-ix86+x86_64 | 1.1.1 | 582.00 | 175.00 | 757.00 | NOTE |
Version: 1.1.1
Check: installed package size
Result: NOTE
installed size is 5.7Mb
sub-directories of 1Mb or more:
lib 3.0Mb
libs 2.3Mb
Flavors: r-devel-windows-x86_64, r-release-macos-arm64, r-release-macos-x86_64, r-release-windows-x86_64, r-oldrel-macos-arm64, r-oldrel-macos-x86_64, r-oldrel-windows-ix86+x86_64