Last updated on 2022-08-15 08:49:56 CEST.
Flavor | Version | Tinstall | Tcheck | Ttotal | Status | Flags |
---|---|---|---|---|---|---|
r-devel-linux-x86_64-debian-clang | 2.2-3 | 19.85 | 173.87 | 193.72 | NOTE | |
r-devel-linux-x86_64-debian-gcc | 2.2-3 | 15.29 | 124.32 | 139.61 | NOTE | |
r-devel-linux-x86_64-fedora-clang | 2.2-3 | 236.39 | NOTE | |||
r-devel-linux-x86_64-fedora-gcc | 2.2-3 | 232.46 | NOTE | |||
r-devel-windows-x86_64 | 2.2-3 | 30.00 | 180.00 | 210.00 | NOTE | |
r-patched-linux-x86_64 | 2.2-3 | 19.35 | 161.45 | 180.80 | OK | |
r-release-linux-x86_64 | 2.2-3 | 18.62 | 159.36 | 177.98 | OK | |
r-release-macos-arm64 | 2.2-3 | 51.00 | OK | |||
r-release-macos-x86_64 | 2.2-3 | 74.00 | OK | |||
r-release-windows-x86_64 | 2.2-3 | 30.00 | 181.00 | 211.00 | OK | |
r-oldrel-macos-arm64 | 2.2-3 | 50.00 | OK | |||
r-oldrel-macos-x86_64 | 2.2-3 | 72.00 | OK | |||
r-oldrel-windows-ix86+x86_64 | 2.2-3 | 32.00 | 193.00 | 225.00 | OK |
Version: 2.2-3
Check: Rd files
Result: NOTE
checkRd: (-1) CatalogueAccessors.Rd:249: Escaped LaTeX specials: \^ \^
checkRd: (-1) FrF2.Rd:574: Escaped LaTeX specials: \^
checkRd: (-1) FrF2.Rd:629: Escaped LaTeX specials: \^ \^
checkRd: (-1) IAPlot.Rd:87: Escaped LaTeX specials: \$
checkRd: (-1) block.Rd:121: Escaped LaTeX specials: \^
checkRd: (-1) block.Rd:150: Escaped LaTeX specials: \^ \^
checkRd: (-1) blockpick.Rd:114: Escaped LaTeX specials: \^ \^
Flavors: r-devel-linux-x86_64-debian-clang, r-devel-linux-x86_64-debian-gcc, r-devel-linux-x86_64-fedora-clang, r-devel-linux-x86_64-fedora-gcc, r-devel-windows-x86_64