Last updated on 2022-08-15 08:49:56 CEST.
Flavor | Version | Tinstall | Tcheck | Ttotal | Status | Flags |
---|---|---|---|---|---|---|
r-devel-linux-x86_64-debian-clang | 1.0 | 19.47 | 165.10 | 184.57 | OK | |
r-devel-linux-x86_64-debian-gcc | 1.0 | 15.02 | 119.47 | 134.49 | OK | |
r-devel-linux-x86_64-fedora-clang | 1.0 | 232.29 | NOTE | |||
r-devel-linux-x86_64-fedora-gcc | 1.0 | 234.33 | NOTE | |||
r-devel-windows-x86_64 | 1.0 | 27.00 | 177.00 | 204.00 | OK | |
r-patched-linux-x86_64 | 1.0 | 20.06 | 152.75 | 172.81 | OK | |
r-release-linux-x86_64 | 1.0 | 20.14 | 150.43 | 170.57 | OK | |
r-release-macos-arm64 | 1.0 | 56.00 | NOTE | |||
r-release-macos-x86_64 | 1.0 | 101.00 | NOTE | |||
r-release-windows-x86_64 | 1.0 | 24.00 | 172.00 | 196.00 | OK | |
r-oldrel-macos-arm64 | 1.0 | 64.00 | NOTE | |||
r-oldrel-macos-x86_64 | 1.0 | 98.00 | NOTE | |||
r-oldrel-windows-ix86+x86_64 | 1.0 | 47.00 | 169.00 | 216.00 | OK |
Version: 1.0
Check: dependencies in R code
Result: NOTE
Namespace in Imports field not imported from: ‘foreach’
All declared Imports should be used.
Flavors: r-devel-linux-x86_64-fedora-clang, r-devel-linux-x86_64-fedora-gcc, r-release-macos-arm64, r-release-macos-x86_64, r-oldrel-macos-arm64, r-oldrel-macos-x86_64