Last updated on 2022-08-15 08:49:56 CEST.
Flavor | Version | Tinstall | Tcheck | Ttotal | Status | Flags |
---|---|---|---|---|---|---|
r-devel-linux-x86_64-debian-clang | 0.2 | 20.29 | 165.93 | 186.22 | NOTE | |
r-devel-linux-x86_64-debian-gcc | 0.2 | 15.53 | 121.40 | 136.93 | NOTE | |
r-devel-linux-x86_64-fedora-clang | 0.2 | 224.52 | NOTE | |||
r-devel-linux-x86_64-fedora-gcc | 0.2 | 225.85 | NOTE | |||
r-devel-windows-x86_64 | 0.2 | 103.00 | 196.00 | 299.00 | NOTE | |
r-patched-linux-x86_64 | 0.2 | 18.26 | 151.91 | 170.17 | NOTE | |
r-release-linux-x86_64 | 0.2 | 17.64 | 155.34 | 172.98 | NOTE | |
r-release-macos-arm64 | 0.2 | 56.00 | NOTE | |||
r-release-macos-x86_64 | 0.2 | 84.00 | NOTE | |||
r-release-windows-x86_64 | 0.2 | 90.00 | 199.00 | 289.00 | NOTE | |
r-oldrel-macos-arm64 | 0.2 | 65.00 | NOTE | |||
r-oldrel-macos-x86_64 | 0.2 | 127.00 | NOTE | |||
r-oldrel-windows-ix86+x86_64 | 0.2 | 30.00 | 200.00 | 230.00 | NOTE |
Version: 0.2
Check: LazyData
Result: NOTE
'LazyData' is specified without a 'data' directory
Flavors: r-devel-linux-x86_64-debian-clang, r-devel-linux-x86_64-debian-gcc, r-devel-linux-x86_64-fedora-clang, r-devel-linux-x86_64-fedora-gcc, r-devel-windows-x86_64, r-patched-linux-x86_64, r-release-linux-x86_64, r-release-macos-arm64, r-release-macos-x86_64, r-release-windows-x86_64, r-oldrel-macos-arm64, r-oldrel-macos-x86_64, r-oldrel-windows-ix86+x86_64