Last updated on 2022-08-15 08:49:56 CEST.
Flavor | Version | Tinstall | Tcheck | Ttotal | Status | Flags |
---|---|---|---|---|---|---|
r-devel-linux-x86_64-debian-clang | 3.2.2 | 53.45 | 101.40 | 154.85 | WARN | |
r-devel-linux-x86_64-debian-gcc | 3.2.2 | 44.01 | 74.42 | 118.43 | OK | |
r-devel-linux-x86_64-fedora-clang | 3.2.2 | 203.55 | WARN | |||
r-devel-linux-x86_64-fedora-gcc | 3.2.2 | 204.31 | OK | |||
r-devel-windows-x86_64 | 3.2.2 | 64.00 | 155.00 | 219.00 | NOTE | |
r-patched-linux-x86_64 | 3.2.2 | 50.11 | 98.64 | 148.75 | OK | |
r-release-linux-x86_64 | 3.2.2 | 45.09 | 98.46 | 143.55 | OK | |
r-release-macos-arm64 | 3.2.2 | 55.00 | NOTE | |||
r-release-macos-x86_64 | 3.2.2 | 78.00 | NOTE | |||
r-release-windows-x86_64 | 3.2.2 | 80.00 | 154.00 | 234.00 | NOTE | |
r-oldrel-macos-arm64 | 3.2.2 | 61.00 | NOTE | |||
r-oldrel-macos-x86_64 | 3.2.2 | 71.00 | NOTE | |||
r-oldrel-windows-ix86+x86_64 | 3.2.2 | 121.00 | 162.00 | 283.00 | NOTE |
Version: 3.2.2
Check: whether package can be installed
Result: WARN
Found the following significant warnings:
genope.cpp:963:8: warning: use of bitwise '|' with boolean operands [-Wbitwise-instead-of-logical]
genope.cpp:1400:6: warning: use of bitwise '&' with boolean operands [-Wbitwise-instead-of-logical]
Flavors: r-devel-linux-x86_64-debian-clang, r-devel-linux-x86_64-fedora-clang
Version: 3.2.2
Check: installed package size
Result: NOTE
installed size is 45.5Mb
sub-directories of 1Mb or more:
doc 44.4Mb
Flavors: r-devel-linux-x86_64-fedora-clang, r-devel-windows-x86_64, r-release-macos-arm64, r-release-macos-x86_64, r-release-windows-x86_64, r-oldrel-macos-arm64, r-oldrel-macos-x86_64, r-oldrel-windows-ix86+x86_64